{"id":94,"date":"2022-02-14T15:05:34","date_gmt":"2022-02-14T15:05:34","guid":{"rendered":"https:\/\/blog.yoopies.fi\/lastenhoitaja-kotiin-nain-loydat-lastenhoitajan\/"},"modified":"2025-06-12T08:44:37","modified_gmt":"2025-06-12T08:44:37","slug":"lastenhoitaja-kotiin-nain-loydat-lastenhoitajan","status":"publish","type":"page","link":"https:\/\/yoopies.fi\/c\/lastenhoitaja-kotiin-nain-loydat-lastenhoitajan\/","title":{"rendered":"Lastenhoitaja kotiin? N\u00e4in l\u00f6yd\u00e4t lastenhoitajan"},"content":{"rendered":"<p><p>Oikean lastenhoitajan l&ouml;ytyminen voi olla vaikeaa ja aiheutta p&auml;&auml;nvaivaa. Se on haaste paitsi uusille vanhemmille, mutta my&ouml;s niille, joilla on paljon kokemusta lastenhoitajan rekrytoimisesta. Aikataulujen yhteensovittaminen, p&auml;tev&auml;n ja rehellisen henkil&ouml;n l&ouml;ytyminen, joka viihtyy lasten kanssa on monivaiheinen prosessi. <\/p>\n<\/p>\n<p><h4><strong><br \/>\nMist&auml; prosessi kannattaa aloittaa? <br \/>\n<\/strong><\/h4>\n<p>Jokainen vanhempi tiet&auml;&auml;, ett&auml; tuntemattomalle henkil&ouml;lle lapsen j&auml;tt&auml;minen voi olla stressaava tilanne. Jokainen haluaa lapselleen vain parasta, monista liikkuvista tekij&ouml;ist&auml; johtuen kesken kiireist&auml; arkea, on toivottavaa ett&auml; prosessi on mahdollisimman selke&auml;, mutta my&ouml;s luotettava ja nopea. T&auml;ydellisen lastenhoitajan l&ouml;yt&auml;misess&auml; tarvitaan usein k&auml;rsiv&auml;llisyytt&auml;, mutta oikealla rekrytointitavalla my&ouml;s monivaiheinen prosessi voi sujua jouhevammin. <\/p>\n<p>&nbsp;Miten siis <strong>valmistautua <\/strong>lastenhoitajan hakuun? Mit&auml; minun pit&auml;isi <strong>kysy&auml; <\/strong>mahdolliselta ehdokkaalta ja mit&auml; minun pit&auml;isi ottaa huomioon valintaa tehdess&auml;ni?<\/p>\n<p class=\"block-img\"><img decoding=\"async\" src=\"https:\/\/yoopies.fi\/c\/wp-content\/uploads\/sites\/8\/2022\/02\/8b49d0cb-fdf9-4e2f-b2e4-18c517208763_FacebookTIPS281929.jpg\" alt=\"\"><\/p>\n<\/p>\n<p><h3><strong><br \/>\nMist&auml; etsi&auml; lastenhoitajaa? <\/strong><\/h3>\n<p><strong>&nbsp;<\/strong><\/p>\n<p>Lastenhoitajan etsint&auml; kannattaa aloittaa tekem&auml;ll&auml; kartoitusta yst&auml;vien ja perheen keskuudessa. L&auml;hipiiriss&auml;si saattaa olla lastenhoitaja, joka voi vastata omaan tarpeeseesi ja aina on helpomaa l&ouml;yt&auml;&auml; lastenhoitaja jo olemassa olevista verkostoistasi. Usein jo olemassa olevassa verkostossasi l&auml;heisesi ovat jo itse palkanneet lastenhoitajan, mik&auml; s&auml;&auml;st&auml;&auml; paljon aikaa: saat tietoa luotettavista henkil&ouml;ist&auml;, usein kysytyist&auml; kysymyksist&auml;, palkkion maksusta sek&auml; muista k&auml;yt&auml;nn&ouml;n asioista. <\/p>\n<p>Internet on tietysti hyv&auml;ksi havaittu paikka lastenhoitajan hakuun, kaiken saa hoidettua nopeasti verkossa omien tarpeidesi mukaan. Toisaalta voi olla vaikeaa tiet&auml;&auml;, onko netist&auml; l&ouml;ytynyt lastenhoitaja p&auml;tev&auml;, jolla on tarvittavatja taidot ja persoona lastenhoitoon. Vanhempien on oltava varmoja siit&auml;, kenelle he j&auml;tt&auml;v&auml;t lapsensa ja onko lapsenvahti vastuullinen ja rehellinen henkil&ouml;. Yoopies auttaa vanhempia tarkistamaan lastenhoitajien henkil&ouml;llisyyden, todistukset ja kokemuksen, jotta haku olisi vaivatonta ja mahdollisimman luotettavaa. Sivustolta n&auml;et, mitk&auml; profiilit ovat verifikoituja, t&auml;m&auml; tarkoittaa sit&auml;, ett&auml; lastenhoitajan henkil&ouml;llisyystodistus ja mahdolliset tutkinto- ja muut todistukset ovat tarkistettu. <\/p>\n<p>Kun etsit lapsenvahtia, sinun on huolehdittava ennen kaikkea ilmoituksesi yksityiskohtaisuudesta. Asetu lapsenvahdin asemaan,  mit&auml; lastenhoitajan olisi hyv&auml; tiet&auml;&auml;? Monet v&auml;&auml;rink&auml;sitykset ja ajanhukka voivat johtua ep&auml;tarkasta ilmoituksesta sek&auml; viestettelyn puutteesta. Pid&auml; huolta, ett&auml; kerrot lastenhoitajan haku- ilmoituksessasi kaikki tarvittavat tiedot, kuten paikka, ty&ouml;skentely aika, mahdolliset erityistarpeet sek&auml; halutessasi lastenhoitajan palkka. Voit my&ouml;s luetuttaa lastenhoitajan haku-ilmoituksen ulkopuolisella henkil&ouml;ll&auml;, t&auml;ten varmistat ett&auml; ilmoitus on selke&auml;. <\/p>\n<\/p>\n<p><h3><strong><br \/>\nMiten valmistaudun lastenhoitajan haastatteluun? <\/strong><\/h3>\n<p><strong>&nbsp;<\/strong><\/p>\n<p>Riippumatta siit&auml;, etsitk&ouml; lastenhoitajaa Rovaniemelt&auml; vai Turusta, sinun kannattaa haastatella lastenhoitaja et&auml;n&auml; tai paikanp&auml;&auml;ll&auml;, jotta voit tutustua ehdokkaaseen. Haastattelussa peruskysymykset ja muodollisuudet (ik&auml;, koulutus, palkka ja kokemus) ovat t&auml;rkeit&auml;. Kysy lastenhoitajan lastenhoitotaidoista, jo tehdyist&auml; ty&ouml;teht&auml;vist&auml; ja siit&auml;, mist&auml; lastenhoitaja on t&auml;h&auml;n menness&auml; nauttinut ty&ouml;ss&auml;&auml;n. Voit my&ouml;s kysy&auml;, miksi edellinen lastenhoitoty&ouml; lopetettiin.<\/p>\n<p>Yksi tapa tarkistaa ehdokas on pyyt&auml;&auml; h&auml;nt&auml; kuvailemaan, miten h&auml;nen mielest&auml;&auml;n lapsen turvallisuus n&auml;kyy h&auml;nen ty&ouml;ss&auml;&auml;n.  Haastattelussa voit kysy&auml; ehdokkaalta, miten esimerkiksi toimisi erilaisissa ongelmatilanteissa ja tarkistat, tiet&auml;&auml;k&ouml; lastenhoitaja, miten toimia kyseisess&auml; tilanteessa. &Auml;l&auml; pelk&auml;&auml; kysy&auml; vaikeita kysymyksi&auml;. N&auml;in saat k&auml;sityksen tarvittavasta p&auml;tevyydest&auml;. <\/p>\n<p>Kannattaa my&ouml;s tutustua entisten ty&ouml;nantajien suosituksiin sek&auml; hakijan ty&ouml;teht&auml;viin sopivaan koulutukseen ja suoritettuihin kursseihin (ensiapukurssi, tutkintotodistus..). Toinen hy&ouml;dyllinen tieto on hakijan harrastukset ja muut taidot &#8211; musiikilliset- ja taiteelliset taidot sek&auml; se, miten h&auml;n voi tehd&auml; lapsen kanssa vietetyst&auml; ajasta mielenkiintoista. <\/p>\n<ul>\n<li>Mieti, millaista henkil&ouml;&auml; etsit. Kirjoita yl&ouml;s kaikki <strong>ihanne lastenhoitajan ominaisuudet<\/strong>, jotka auttavat sinua hakemisessa.\n<\/li>\n<li><strong>Valitse muutama sopiva ehdokas haastatteluun<\/strong>.  Tapaa jokainen lastenhoitaja ehdokas henkil&ouml;kohtaisesti et&auml;yhteydell&auml; tai paikanp&auml;&auml;ll&auml;. Keskustele ehdokkaiden kanssa ja katso, kuka heist&auml; vastaa tarpeitasi parhaiten.\n<\/li>\n<li>J&auml;rjest&auml;<strong> tutustumis lastenhoitokerta<\/strong> tai voit vaihto-ehtoisesti haastatella ehdokasta, kun lapset ovat paikalla. N&auml;in voit n&auml;hd&auml;, miten lapsesi reagoi lastenhoitajaan. \n<\/li>\n<li>Ennen kuin j&auml;t&auml;t lapsesi lastenhoitajalle, <strong>m&auml;&auml;rittele kaikki vastuut.<\/strong> N&auml;in voit v&auml;ltt&auml;&auml; v&auml;&auml;rink&auml;sitykset tulevaisuudessa.\n<\/li>\n<li>Muista ilmoittaa kaikki t&auml;rke&auml; ja olennainen, joista on hy&ouml;ty&auml; ollessasi pois<strong>:<\/strong>  poissapuhelinnumerot, tuoteallergiat, lasten lempipelit yms. <\/li>\n<\/ul>\n<figure><img decoding=\"async\" src=\"https:\/\/yoopies.fi\/c\/wp-content\/uploads\/sites\/8\/2022\/02\/6da629c4-fab2-497a-9ac6-8f168c9154a0-facebooktips282029.jpg\" \/><\/figure>\n<p><h3><strong><br \/>\nMik&auml; lastenhoitoratkaisu sopii sinulle? <\/strong><\/h3>\n<p><strong>&nbsp;<\/strong><\/p>\n<p>Riippumatta siit&auml;, mink&auml; lastenhoitoratkaisun p&auml;&auml;t&auml;t perheellesi parhaaksi, Yoopiesilla on laaja valikoima hakijoita, jotka tarjoavat luotettavaa ja laadukasta hoitoa lapsillesi.\n<\/p>\n<ul>\n<li> Jos tarvitset kokonaisvaltaista lastenhoitoa monena p&auml;iv&auml;n&auml; viikossa, valitse t&auml;ss&auml; tapauksessa <a href=\"https:\/\/yoopies.fi\/kokop%C3%A4iv%C3%A4inen-lastenhoitaja\">kokop&auml;iv&auml;inen lastenhoitaja.<\/a> Kokop&auml;iv&auml;inen lastenhoitaja voi ty&ouml;skennell&auml; arkena ja\/tai viikonloppuisin haluamanasi aikana. \n<\/li>\n<li>Toinen vaihtoehto on valita kunnan hyv&auml;ksym&auml; yksityinen <a href=\"https:\/\/yoopies.fi\/perhep%C3%A4iv%C3%A4hoitaja\">perhep&auml;iv&auml;hoitaja.<\/a> Useinmiten perhep&auml;iv&auml;hoitaja hoitaa muutamaa lasta kotonansa tai perheen luona. Perhep&auml;iv&auml;hoitaja on hyv&auml; vaihtoehto etenkin pienille lapsille. Perhep&auml;iv&auml;hoitaja pystyy antamaan yksityiskohtaista huomiota, kun lapsia on vain muutama. \n<\/li>\n<li>Jos puolestaan tarvitset satunnaisesti lastenhoito-apua voit valita lastenhoitajan yleisest&auml;<a href=\"https:\/\/yoopies.fi\/lastenhoito\"> lastenhoito- <\/a>kategoriasta. Satunnainen lastenhoitaja voi auttaa sinua arkisin ja viikonloppuisin, jos tarvitset omaa aikaa tai apua esimerkiksi apu k&auml;si&auml; arkesi py&ouml;ritt&auml;miseen.\n<p>Omistautuneina ammattilaisina toivomme voivamme tukea mahdollisimman monia perheit&auml; ja tarjota lastenhoitoresursseja kaikille vanhemmille ja perheille. Tied&auml;mme, ett&auml; lasten hoitaminen voi olla vaikea teht&auml;v&auml; heid&auml;n i&auml;st&auml; riippumatta, joten pid&auml; silm&auml;si avoinna tulevillekkin blogipostauksillemme. <\/li>\n<\/ul>\n","protected":false},"excerpt":{"rendered":"<p>Oikean lastenhoitajan l&ouml;ytyminen voi olla vaikeaa ja aiheutta p&auml;&auml;nvaivaa. Se on haaste paitsi uusille vanhemmille, mutta my&ouml;s niille, joilla on paljon kokemusta lastenhoitajan rekrytoimisesta. Aikataulujen yhteensovittaminen, p&auml;tev&auml;n ja rehellisen henkil&ouml;n l&ouml;ytyminen, joka viihtyy lasten kanssa on monivaiheinen prosessi. Mist&auml; prosessi kannattaa aloittaa? Jokainen vanhempi tiet&auml;&auml;, ett&auml; tuntemattomalle henkil&ouml;lle lapsen j&auml;tt&auml;minen voi olla stressaava tilanne. Jokainen [&hellip;]<\/p>\n","protected":false},"author":10,"featured_media":97,"parent":0,"menu_order":0,"comment_status":"closed","ping_status":"closed","template":"","meta":{"_acf_changed":false,"footnotes":""},"class_list":["post-94","page","type-page","status-publish","has-post-thumbnail","hentry"],"acf":[],"yoast_head":"<!-- This site is optimized with the Yoast SEO plugin v26.9 - https:\/\/yoast.com\/product\/yoast-seo-wordpress\/ -->\n<title>Lastenhoitaja kotiin vaihtoehtona p\u00e4iv\u00e4hoidolle | Yoopies<\/title>\n<meta name=\"description\" content=\"Lastenhoitaja kotiin vaihtoehtona p\u00e4iv\u00e4hoidolle? \ud83d\udd0e Lue Yoopieksen vinkit lastenhoitajan palkkaamiseen ja l\u00f6yd\u00e4t nopeasti apuk\u00e4si\u00e4 arkeesi | Yoopies\" \/>\n<meta name=\"robots\" content=\"index, follow, max-snippet:-1, max-image-preview:large, max-video-preview:-1\" \/>\n<link rel=\"canonical\" href=\"https:\/\/yoopies.fi\/c\/lastenhoitaja-kotiin-nain-loydat-lastenhoitajan\/\" \/>\n<meta property=\"og:locale\" content=\"fi_FI\" \/>\n<meta property=\"og:type\" content=\"article\" \/>\n<meta property=\"og:title\" content=\"Lastenhoitaja kotiin vaihtoehtona p\u00e4iv\u00e4hoidolle | Yoopies\" \/>\n<meta property=\"og:description\" content=\"Lastenhoitaja kotiin vaihtoehtona p\u00e4iv\u00e4hoidolle? \ud83d\udd0e Lue Yoopieksen vinkit lastenhoitajan palkkaamiseen ja l\u00f6yd\u00e4t nopeasti apuk\u00e4si\u00e4 arkeesi | Yoopies\" \/>\n<meta property=\"og:url\" content=\"https:\/\/yoopies.fi\/c\/lastenhoitaja-kotiin-nain-loydat-lastenhoitajan\/\" \/>\n<meta property=\"og:site_name\" content=\"Yoopies Suomi\" \/>\n<meta property=\"article:modified_time\" content=\"2025-06-12T08:44:37+00:00\" \/>\n<meta property=\"og:image\" content=\"https:\/\/yoopies.fi\/c\/wp-content\/uploads\/sites\/8\/2022\/02\/5d611470-eb5f-49e0-adae-1f206239d9f8-galnusiprausiamsakau.jpg\" \/>\n\t<meta property=\"og:image:width\" content=\"1200\" \/>\n\t<meta property=\"og:image:height\" content=\"800\" \/>\n\t<meta property=\"og:image:type\" content=\"image\/jpeg\" \/>\n<meta name=\"twitter:card\" content=\"summary_large_image\" \/>\n<meta name=\"twitter:label1\" content=\"Arvioitu lukuaika\" \/>\n\t<meta name=\"twitter:data1\" content=\"5 minuuttia\" \/>\n<script type=\"application\/ld+json\" class=\"yoast-schema-graph\">{\"@context\":\"https:\/\/schema.org\",\"@graph\":[{\"@type\":\"WebPage\",\"@id\":\"https:\/\/yoopies.fi\/c\/lastenhoitaja-kotiin-nain-loydat-lastenhoitajan\/\",\"url\":\"https:\/\/yoopies.fi\/c\/lastenhoitaja-kotiin-nain-loydat-lastenhoitajan\/\",\"name\":\"Lastenhoitaja kotiin vaihtoehtona p\u00e4iv\u00e4hoidolle | Yoopies\",\"isPartOf\":{\"@id\":\"https:\/\/yoopies.fi\/c\/#website\"},\"primaryImageOfPage\":{\"@id\":\"https:\/\/yoopies.fi\/c\/lastenhoitaja-kotiin-nain-loydat-lastenhoitajan\/#primaryimage\"},\"image\":{\"@id\":\"https:\/\/yoopies.fi\/c\/lastenhoitaja-kotiin-nain-loydat-lastenhoitajan\/#primaryimage\"},\"thumbnailUrl\":\"https:\/\/yoopies.fi\/c\/wp-content\/uploads\/sites\/8\/2022\/02\/5d611470-eb5f-49e0-adae-1f206239d9f8-galnusiprausiamsakau.jpg\",\"datePublished\":\"2022-02-14T15:05:34+00:00\",\"dateModified\":\"2025-06-12T08:44:37+00:00\",\"description\":\"Lastenhoitaja kotiin vaihtoehtona p\u00e4iv\u00e4hoidolle? \ud83d\udd0e Lue Yoopieksen vinkit lastenhoitajan palkkaamiseen ja l\u00f6yd\u00e4t nopeasti apuk\u00e4si\u00e4 arkeesi | Yoopies\",\"breadcrumb\":{\"@id\":\"https:\/\/yoopies.fi\/c\/lastenhoitaja-kotiin-nain-loydat-lastenhoitajan\/#breadcrumb\"},\"inLanguage\":\"fi\",\"potentialAction\":[{\"@type\":\"ReadAction\",\"target\":[\"https:\/\/yoopies.fi\/c\/lastenhoitaja-kotiin-nain-loydat-lastenhoitajan\/\"]}]},{\"@type\":\"ImageObject\",\"inLanguage\":\"fi\",\"@id\":\"https:\/\/yoopies.fi\/c\/lastenhoitaja-kotiin-nain-loydat-lastenhoitajan\/#primaryimage\",\"url\":\"https:\/\/yoopies.fi\/c\/wp-content\/uploads\/sites\/8\/2022\/02\/5d611470-eb5f-49e0-adae-1f206239d9f8-galnusiprausiamsakau.jpg\",\"contentUrl\":\"https:\/\/yoopies.fi\/c\/wp-content\/uploads\/sites\/8\/2022\/02\/5d611470-eb5f-49e0-adae-1f206239d9f8-galnusiprausiamsakau.jpg\",\"width\":1200,\"height\":800},{\"@type\":\"BreadcrumbList\",\"@id\":\"https:\/\/yoopies.fi\/c\/lastenhoitaja-kotiin-nain-loydat-lastenhoitajan\/#breadcrumb\",\"itemListElement\":[{\"@type\":\"ListItem\",\"position\":1,\"name\":\"Home\",\"item\":\"https:\/\/yoopies.fi\/c\/\"},{\"@type\":\"ListItem\",\"position\":2,\"name\":\"Lastenhoitaja kotiin? N\u00e4in l\u00f6yd\u00e4t lastenhoitajan\"}]},{\"@type\":\"WebSite\",\"@id\":\"https:\/\/yoopies.fi\/c\/#website\",\"url\":\"https:\/\/yoopies.fi\/c\/\",\"name\":\"Yoopies Suomi\",\"description\":\"\",\"potentialAction\":[{\"@type\":\"SearchAction\",\"target\":{\"@type\":\"EntryPoint\",\"urlTemplate\":\"https:\/\/yoopies.fi\/c\/?s={search_term_string}\"},\"query-input\":{\"@type\":\"PropertyValueSpecification\",\"valueRequired\":true,\"valueName\":\"search_term_string\"}}],\"inLanguage\":\"fi\"}]}<\/script>\n<!-- \/ Yoast SEO plugin. -->","yoast_head_json":{"title":"Lastenhoitaja kotiin vaihtoehtona p\u00e4iv\u00e4hoidolle | Yoopies","description":"Lastenhoitaja kotiin vaihtoehtona p\u00e4iv\u00e4hoidolle? \ud83d\udd0e Lue Yoopieksen vinkit lastenhoitajan palkkaamiseen ja l\u00f6yd\u00e4t nopeasti apuk\u00e4si\u00e4 arkeesi | Yoopies","robots":{"index":"index","follow":"follow","max-snippet":"max-snippet:-1","max-image-preview":"max-image-preview:large","max-video-preview":"max-video-preview:-1"},"canonical":"https:\/\/yoopies.fi\/c\/lastenhoitaja-kotiin-nain-loydat-lastenhoitajan\/","og_locale":"fi_FI","og_type":"article","og_title":"Lastenhoitaja kotiin vaihtoehtona p\u00e4iv\u00e4hoidolle | Yoopies","og_description":"Lastenhoitaja kotiin vaihtoehtona p\u00e4iv\u00e4hoidolle? \ud83d\udd0e Lue Yoopieksen vinkit lastenhoitajan palkkaamiseen ja l\u00f6yd\u00e4t nopeasti apuk\u00e4si\u00e4 arkeesi | Yoopies","og_url":"https:\/\/yoopies.fi\/c\/lastenhoitaja-kotiin-nain-loydat-lastenhoitajan\/","og_site_name":"Yoopies Suomi","article_modified_time":"2025-06-12T08:44:37+00:00","og_image":[{"width":1200,"height":800,"url":"https:\/\/yoopies.fi\/c\/wp-content\/uploads\/sites\/8\/2022\/02\/5d611470-eb5f-49e0-adae-1f206239d9f8-galnusiprausiamsakau.jpg","type":"image\/jpeg"}],"twitter_card":"summary_large_image","twitter_misc":{"Arvioitu lukuaika":"5 minuuttia"},"schema":{"@context":"https:\/\/schema.org","@graph":[{"@type":"WebPage","@id":"https:\/\/yoopies.fi\/c\/lastenhoitaja-kotiin-nain-loydat-lastenhoitajan\/","url":"https:\/\/yoopies.fi\/c\/lastenhoitaja-kotiin-nain-loydat-lastenhoitajan\/","name":"Lastenhoitaja kotiin vaihtoehtona p\u00e4iv\u00e4hoidolle | Yoopies","isPartOf":{"@id":"https:\/\/yoopies.fi\/c\/#website"},"primaryImageOfPage":{"@id":"https:\/\/yoopies.fi\/c\/lastenhoitaja-kotiin-nain-loydat-lastenhoitajan\/#primaryimage"},"image":{"@id":"https:\/\/yoopies.fi\/c\/lastenhoitaja-kotiin-nain-loydat-lastenhoitajan\/#primaryimage"},"thumbnailUrl":"https:\/\/yoopies.fi\/c\/wp-content\/uploads\/sites\/8\/2022\/02\/5d611470-eb5f-49e0-adae-1f206239d9f8-galnusiprausiamsakau.jpg","datePublished":"2022-02-14T15:05:34+00:00","dateModified":"2025-06-12T08:44:37+00:00","description":"Lastenhoitaja kotiin vaihtoehtona p\u00e4iv\u00e4hoidolle? \ud83d\udd0e Lue Yoopieksen vinkit lastenhoitajan palkkaamiseen ja l\u00f6yd\u00e4t nopeasti apuk\u00e4si\u00e4 arkeesi | Yoopies","breadcrumb":{"@id":"https:\/\/yoopies.fi\/c\/lastenhoitaja-kotiin-nain-loydat-lastenhoitajan\/#breadcrumb"},"inLanguage":"fi","potentialAction":[{"@type":"ReadAction","target":["https:\/\/yoopies.fi\/c\/lastenhoitaja-kotiin-nain-loydat-lastenhoitajan\/"]}]},{"@type":"ImageObject","inLanguage":"fi","@id":"https:\/\/yoopies.fi\/c\/lastenhoitaja-kotiin-nain-loydat-lastenhoitajan\/#primaryimage","url":"https:\/\/yoopies.fi\/c\/wp-content\/uploads\/sites\/8\/2022\/02\/5d611470-eb5f-49e0-adae-1f206239d9f8-galnusiprausiamsakau.jpg","contentUrl":"https:\/\/yoopies.fi\/c\/wp-content\/uploads\/sites\/8\/2022\/02\/5d611470-eb5f-49e0-adae-1f206239d9f8-galnusiprausiamsakau.jpg","width":1200,"height":800},{"@type":"BreadcrumbList","@id":"https:\/\/yoopies.fi\/c\/lastenhoitaja-kotiin-nain-loydat-lastenhoitajan\/#breadcrumb","itemListElement":[{"@type":"ListItem","position":1,"name":"Home","item":"https:\/\/yoopies.fi\/c\/"},{"@type":"ListItem","position":2,"name":"Lastenhoitaja kotiin? N\u00e4in l\u00f6yd\u00e4t lastenhoitajan"}]},{"@type":"WebSite","@id":"https:\/\/yoopies.fi\/c\/#website","url":"https:\/\/yoopies.fi\/c\/","name":"Yoopies Suomi","description":"","potentialAction":[{"@type":"SearchAction","target":{"@type":"EntryPoint","urlTemplate":"https:\/\/yoopies.fi\/c\/?s={search_term_string}"},"query-input":{"@type":"PropertyValueSpecification","valueRequired":true,"valueName":"search_term_string"}}],"inLanguage":"fi"}]}},"_links":{"self":[{"href":"https:\/\/yoopies.fi\/c\/wp-json\/wp\/v2\/pages\/94","targetHints":{"allow":["GET"]}}],"collection":[{"href":"https:\/\/yoopies.fi\/c\/wp-json\/wp\/v2\/pages"}],"about":[{"href":"https:\/\/yoopies.fi\/c\/wp-json\/wp\/v2\/types\/page"}],"author":[{"embeddable":true,"href":"https:\/\/yoopies.fi\/c\/wp-json\/wp\/v2\/users\/10"}],"replies":[{"embeddable":true,"href":"https:\/\/yoopies.fi\/c\/wp-json\/wp\/v2\/comments?post=94"}],"version-history":[{"count":1,"href":"https:\/\/yoopies.fi\/c\/wp-json\/wp\/v2\/pages\/94\/revisions"}],"predecessor-version":[{"id":98,"href":"https:\/\/yoopies.fi\/c\/wp-json\/wp\/v2\/pages\/94\/revisions\/98"}],"wp:featuredmedia":[{"embeddable":true,"href":"https:\/\/yoopies.fi\/c\/wp-json\/wp\/v2\/media\/97"}],"wp:attachment":[{"href":"https:\/\/yoopies.fi\/c\/wp-json\/wp\/v2\/media?parent=94"}],"curies":[{"name":"wp","href":"https:\/\/api.w.org\/{rel}","templated":true}]}}