{"id":42,"date":"2022-05-31T10:44:55","date_gmt":"2022-05-31T10:44:55","guid":{"rendered":"https:\/\/blog.yoopies.fi\/yksityisopettaja-aloita-tyoskentely\/"},"modified":"2025-06-12T08:44:37","modified_gmt":"2025-06-12T08:44:37","slug":"yksityisopettaja-aloita-tyoskentely","status":"publish","type":"page","link":"https:\/\/yoopies.fi\/c\/yksityisopettaja-aloita-tyoskentely\/","title":{"rendered":"Yksityisopettaja | Opas opetusty\u00f6n aloittamiseen"},"content":{"rendered":"<p><p class=\"block-img\"><img decoding=\"async\" src=\"https:\/\/yoopies.fi\/c\/wp-content\/uploads\/sites\/8\/2022\/05\/bafb5222-991f-4329-b451-5f8fb134e694_pexels-julia-m-cameron-4145190.jpg\" alt=\"yksityisopetus \"><\/p>\n<\/p>\n<h2><strong>Kuinka voin aloittaa ty&ouml;skentelyn yksityisopettajana? <\/strong><\/h2>\n<\/p>\n<p>Olet sitten alan opiskelija, harrastelija tai rautainen opetusalan ammattilainen, Yoopies tarjoaa monipuoliset ty&ouml;llistymismahdollisuudet on intohimosi sitten kielet, oppi-aineet tai musiikki. Tarjoamme mahdollisuudet my&ouml;s ns. tuutorina toimiseen, jos haluat tarjota monipuolisesti avustusta esimerkiksi p&auml;&auml;sykokeisiin tai kotiteht&auml;vien tekemiseen. <\/p>\n<p>Ty&ouml;skentely yksityisopettajana on palkitsevaa, joustavaa sek&auml; opettavaista. Vaikka p&auml;&auml;setkin tarjoamaan omaa osaamistasi opiskelijoillesi, opit varmasti my&ouml;s heilt&auml;. Voit valita sivustolla hakusuodattimien avulla miss&auml; haluat tarjota opetusta. On se sitten kotonasi, oppijan luona tai k&auml;tev&auml;sti et&auml;n&auml; omien aikataulujesi mukaan. <\/p>\n<p><a href=\"https:\/\/yoopies.fi\/\">Yoopies<\/a> sivustolta voit l&ouml;yt&auml;&auml; opetusty&ouml;n, joka sopii sinun mielenkiinnonkohtaisiisi. Suosituimmat palvelumme ovat englannin- ja suomen kielen opetus, musiikin yksityisopetuksessa kitaran- ja pianonsoiton opetus. <\/p>\n<p><strong>\ud83d\udc40 Vinkki, joilla onnistut varmasti!<\/strong><\/p>\n<ul>\n<li>Kirjoita <strong>kattava ilmoitus<\/strong> ja muista <strong>p&auml;ivitt&auml;&auml; k&auml;ytett&auml;vyytesi kalenteriisi<\/strong>. N&auml;in v&auml;ltyt turhilta yhteydenotoilta. Kirjoita ilmoitukseesi <strong>kokemuksestasi<\/strong> opettajana. Jos sinulla on <strong>paljon kokemusta<\/strong> tai jokin <strong>tutkinto<\/strong>, muista mainita my&ouml;s se. Jos sinulla puolestaan ei ole viel&auml; kokemusta ja haluat aloittaa opetusty&ouml;n, kerro <strong>omista vahvuuksistasi ja mahdollisita harrastuksista<\/strong>, jotka voisivat tukea ty&ouml;t&auml;si opettajana. <\/li>\n<li>Muista my&ouml;s p&auml;ivitt&auml;&auml; profiilisi mahdolliset suosituksesi. <\/li>\n<\/ul>\n<p>Seuraavana sinun kannattaakin tarkastella, mink&auml;laista tarjontaa l&auml;helt&auml;si l&ouml;ytyy. Ole aktiivinen ty&ouml;nantajiemme kanssa. Jos huomaat ty&ouml;paikan, ole ty&ouml;nantajaan yhteydess&auml; viestint&auml;palvelumme kautta v&auml;litt&ouml;m&auml;sti. Yksityisopettajana voit ty&ouml;skennell&auml; joustavasti, jos sinulla on useampia tunteja annettavana ty&ouml;lle, voit kokeilla my&ouml;s ty&ouml;ntekoa kevytyritt&auml;j&auml;n&auml; esimerkiksi laskutuspalvelun kautta. <\/p>\n<p class=\"block-img\"><img decoding=\"async\" src=\"https:\/\/yoopies.fi\/c\/wp-content\/uploads\/sites\/8\/2022\/05\/61505023-9759-4748-a74c-00a52d440464_pexels-artem-podrez-449212928129.jpg\" alt=\"Yksityisopettaja \"><\/p>\n<h2><strong>Yksityisopettajana olet itsesi pomo! <\/strong><\/h2>\n<\/p>\n<p>Jos arvostat <strong>vapautta<\/strong>, mutta silti haluat <strong>ty&ouml;skennell&auml; ihmisten kanssa<\/strong>, on mainio valinta ty&ouml;skennell&auml; yksityisopettajana. Itsen&auml;isen&auml; ammatinharjoittajana<strong> valitset itse omat ty&ouml;skentelytuntisi<\/strong>, joten sinulle j&auml;&auml; my&ouml;s enemm&auml;n aikaa vapaa-ajallesi. Valitset my&ouml;s itse millon pid&auml;t <strong>lomasi<\/strong>. Jos k&auml;yt p&auml;iv&auml;t&ouml;iss&auml; tai opiskelet, sinulla on my&ouml;s mahdollisuus tienata yksityisopetuksella <strong>ekstratuloja<\/strong>. Oman vapauden lis&auml;ksi pystyt my&ouml;s vaikuttamaan omiin opetusmetodeihisi. <\/p>\n<\/p>\n<p class=\"block-img\"><img decoding=\"async\" src=\"https:\/\/yoopies.fi\/c\/wp-content\/uploads\/sites\/8\/2022\/05\/fde868d0-b7c2-4e0a-85c8-eff174d8633b_pexels-gustavo-fring-4173329.jpg\" alt=\"matematiikan yksityisopetus \"><\/p>\n<h2><strong>Yksityisopettaja palkka | Kuinka paljon voin tienata? <\/strong><\/h2>\n<\/p>\n<p>Yoopies-sivustolla, sin&auml; valitset oppituntejesi hinnan. Suosittelemme, ett&auml; p&auml;&auml;t&auml;t niin tuntihintasi oman kokemuksesi mukaan, voit my&ouml;s tutustua keskihintoihin alueellasi. My&ouml;s koulutustaustallasi on merkityst&auml;, jos sinulla on korkea koulutustauta voit hyvin pyyt&auml;&auml; keskivertoa kalliimpaa hintaa. Hinnasto voi vaihdella my&ouml;s sen alueen mukaan, p&auml;&auml;kaupunkiseudulla voit pyyt&auml;&auml; korkeampaa hintaa, kuin pienemmiss&auml; kaupungeissa. <\/p>\n<p>Yleens&auml; piano- ja kitaratunnit ovat hintavempia, kuin muut oppi-aineet. Intensiivisest&auml; yksityisopetuksesta voit my&ouml;s pyyt&auml;&auml; enemm&auml;n, kuin koululaisten kotiteht&auml;vien avustamisesta. <\/p>\n<\/p>\n<figure><img decoding=\"async\" src=\"https:\/\/yoopies.fi\/c\/wp-content\/uploads\/sites\/8\/2022\/05\/12b4e98f-de33-4d70-883c-73908f8336d7-pexels-mentatdgt-1311547.jpg\" \/><\/figure>\n<p><h2><strong>Mit&auml; voin opettaa Yoopies-sivustolla? <\/strong><\/h2>\n<p><strong> <\/strong><\/p>\n<p><strong>Vastaus on: oikeastaan mit&auml; vain! <\/strong><\/p>\n<p>Tarjoamme seuraavia palveluita p&auml;&auml;asiassa: <\/p>\n<p><strong>Kielet:<\/strong><\/p>\n<ul>\n<li><a href=\"https:\/\/yoopies.fi\/arabian-kielen-opetus\">\ud83c\udde6\ud83c\uddea arabian kielen opetus<\/a><\/li>\n<li><a href=\"https:\/\/yoopies.fi\/kiinan-kielen-opetus\">\ud83c\udde8\ud83c\uddf3 kiinan kielen opetus<\/a><\/li>\n<li><a href=\"https:\/\/yoopies.fi\/hollanin-kielen-opetus\">\ud83c\uddf3\ud83c\uddf1 hollannin kielen opetus <\/a><\/li>\n<li><a href=\"https:\/\/yoopies.fi\/englannin-kielen-opetus\">\ud83c\uddec\ud83c\udde7 englannin opetus <\/a><\/li>\n<li><a href=\"https:\/\/yoopies.fi\/ranskan-kielen-opettaja\">\ud83c\uddeb\ud83c\uddf7 ranskan opetus <\/a><\/li>\n<li><a href=\"https:\/\/yoopies.fi\/saksan-kielen-opetus\">\ud83c\udde9\ud83c\uddea saksan opetus<\/a><\/li>\n<li><a href=\"https:\/\/yoopies.fi\/italian-kielen-opetus\">\ud83c\uddee\ud83c\uddf9 italian kielen opetus <\/a><\/li>\n<li><a href=\"https:\/\/yoopies.fi\/korean-kielen-opetus\">\ud83c\uddf0\ud83c\uddf7 korean kielen opetus <\/a><\/li>\n<li><a href=\"https:\/\/yoopies.fi\/portugalin-kielen-opetus\">\ud83c\uddf5\ud83c\uddf9 portugalin opetus<\/a><\/li>\n<li><a href=\"https:\/\/yoopies.fi\/venaj%C3%A4n-kielen-opettaja\">\ud83c\uddf7\ud83c\uddfa ven&auml;j&auml;n kielen opetus <\/a><\/li>\n<li><a href=\"https:\/\/yoopies.fi\/espanjan-kielen-opetus\">\ud83c\uddea\ud83c\uddf8 espanjan opetus <\/a><\/li>\n<li><a href=\"https:\/\/yoopies.fi\/suomen-kielen-opetus\">\ud83c\uddeb\ud83c\uddee suomen kielen opetus <\/a><\/li>\n<li><a href=\"https:\/\/yoopies.fi\/tanskan-kielen-opetus\">\ud83c\udde9\ud83c\uddf0 tanskan kielen opetus <\/a><\/li>\n<li><a href=\"https:\/\/yoopies.fi\/ruotsin-kielen-opetus\">\ud83c\uddf8\ud83c\uddea ruotsin kielen opetus<\/a><\/li>\n<li><a href=\"https:\/\/yoopies.fi\/puolan-kielen-opetus\">\ud83c\uddf5\ud83c\uddf1 puolan kielen opetus<\/a><\/li>\n<li><a href=\"https:\/\/yoopies.fi\/liettuan-kielen-opetus\">\ud83c\uddf1\ud83c\uddf9 liettuan kielen opetus<\/a><\/li>\n<li><a href=\"https:\/\/yoopies.fi\/norjan-kielen-opetus\">\ud83c\uddf3\ud83c\uddf4 norjan kielen opetus <\/a><\/li>\n<\/ul>\n<p><strong>Oppi-aineet: <\/strong><\/p>\n<ul>\n<li><a href=\"https:\/\/yoopies.fi\/biologian-opetus\">Biologia <\/a><\/li>\n<li><a href=\"https:\/\/yoopies.fi\/kemian-opetus\">Kemia<\/a><\/li>\n<li><a href=\"https:\/\/yoopies.fi\/tietoteknikan-opetus\">Tietotekniikka<\/a><\/li>\n<li><a href=\"https:\/\/yoopies.fi\/taloustieteen-opetus\">Taloustiede <\/a><\/li>\n<li><a href=\"https:\/\/yoopies.fi\/maantiedon-opettaja\">Maantieto<\/a><\/li>\n<li><a href=\"https:\/\/yoopies.fi\/historian-opetus\">Historia<\/a><\/li>\n<li><a href=\"https:\/\/yoopies.fi\/tarjoa-l%C3%A4ksy-apua\">L&auml;ksyapu<\/a> <\/li>\n<li><a href=\"https:\/\/yoopies.fi\/matematiikan-opetus\">Matematiikka<\/a> <\/li>\n<li><a href=\"https:\/\/yoopies.fi\/filosofian-opetus\">Filosofia<\/a><\/li>\n<li><a href=\"https:\/\/yoopies.fi\/fysiikan-opetus\">Fysiikka<\/a><\/li>\n<\/ul>\n<p><strong>Musiikin opetus: <\/strong><\/p>\n<ul>\n<li><a href=\"https:\/\/yoopies.fi\/kitaransoiton-opetus\">\ud83c\udfb8 Kitaransoiton opetus<\/a><\/li>\n<li><a href=\"https:\/\/yoopies.fi\/pianonsoiton-opetus\">\ud83c\udfb9 Pianonsoiton opetus <\/a><\/li>\n<\/ul>\n<p>Etk&ouml; l&ouml;yt&auml;nyt aihetta, jota haluat opettaa? Ei h&auml;t&auml;&auml;, voit aina valita aineen, joka on l&auml;himp&auml;n&auml; haluamaasi ainetta ja kirjoittaa ilmoitukseesi lis&auml;tietoja, mit&auml; kaikkea voit tarjota opettajana. <\/p>\n<\/p>\n<p><a class=\"button\" href=\"https:\/\/yoopies.fi\/registration\/tutoring\/applicant\">Aloita ty\u00f6nhakusi t\u00e4st\u00e4!<\/a><\/p>\n","protected":false},"excerpt":{"rendered":"<p>Kuinka voin aloittaa ty&ouml;skentelyn yksityisopettajana? Olet sitten alan opiskelija, harrastelija tai rautainen opetusalan ammattilainen, Yoopies tarjoaa monipuoliset ty&ouml;llistymismahdollisuudet on intohimosi sitten kielet, oppi-aineet tai musiikki. Tarjoamme mahdollisuudet my&ouml;s ns. tuutorina toimiseen, jos haluat tarjota monipuolisesti avustusta esimerkiksi p&auml;&auml;sykokeisiin tai kotiteht&auml;vien tekemiseen. Ty&ouml;skentely yksityisopettajana on palkitsevaa, joustavaa sek&auml; opettavaista. Vaikka p&auml;&auml;setkin tarjoamaan omaa osaamistasi opiskelijoillesi, opit [&hellip;]<\/p>\n","protected":false},"author":10,"featured_media":47,"parent":0,"menu_order":0,"comment_status":"closed","ping_status":"closed","template":"","meta":{"_acf_changed":false,"footnotes":""},"class_list":["post-42","page","type-page","status-publish","has-post-thumbnail","hentry"],"acf":[],"yoast_head":"<!-- This site is optimized with the Yoast SEO plugin v26.9 - https:\/\/yoast.com\/product\/yoast-seo-wordpress\/ -->\n<title>Yksityisopettaja: Opas opetusty\u00f6n aloittamiseen. | Yoopies<\/title>\n<meta name=\"description\" content=\"Yksityisopettaja | Aloita ty\u00f6skentely intohimosi parissa joustavasti yksityisopettajana. Kuinka aloitan? \ud83d\udd0e | Lue Yoopieksen vinkit ty\u00f6n aloittamiseen.\" \/>\n<meta name=\"robots\" content=\"index, follow, max-snippet:-1, max-image-preview:large, max-video-preview:-1\" \/>\n<link rel=\"canonical\" href=\"https:\/\/yoopies.fi\/c\/yksityisopettaja-aloita-tyoskentely\/\" \/>\n<meta property=\"og:locale\" content=\"fi_FI\" \/>\n<meta property=\"og:type\" content=\"article\" \/>\n<meta property=\"og:title\" content=\"Yksityisopettaja: Opas opetusty\u00f6n aloittamiseen. | Yoopies\" \/>\n<meta property=\"og:description\" content=\"Yksityisopettaja | Aloita ty\u00f6skentely intohimosi parissa joustavasti yksityisopettajana. Kuinka aloitan? \ud83d\udd0e | Lue Yoopieksen vinkit ty\u00f6n aloittamiseen.\" \/>\n<meta property=\"og:url\" content=\"https:\/\/yoopies.fi\/c\/yksityisopettaja-aloita-tyoskentely\/\" \/>\n<meta property=\"og:site_name\" content=\"Yoopies Suomi\" \/>\n<meta property=\"article:modified_time\" content=\"2025-06-12T08:44:37+00:00\" \/>\n<meta property=\"og:image\" content=\"https:\/\/yoopies.fi\/c\/wp-content\/uploads\/sites\/8\/2022\/05\/804059d4-15e7-4724-b12b-06065e378053-pexels-cottonbro-410722628129.jpg\" \/>\n\t<meta property=\"og:image:width\" content=\"1200\" \/>\n\t<meta property=\"og:image:height\" content=\"900\" \/>\n\t<meta property=\"og:image:type\" content=\"image\/jpeg\" \/>\n<meta name=\"twitter:card\" content=\"summary_large_image\" \/>\n<meta name=\"twitter:label1\" content=\"Arvioitu lukuaika\" \/>\n\t<meta name=\"twitter:data1\" content=\"3 minuuttia\" \/>\n<script type=\"application\/ld+json\" class=\"yoast-schema-graph\">{\"@context\":\"https:\/\/schema.org\",\"@graph\":[{\"@type\":\"WebPage\",\"@id\":\"https:\/\/yoopies.fi\/c\/yksityisopettaja-aloita-tyoskentely\/\",\"url\":\"https:\/\/yoopies.fi\/c\/yksityisopettaja-aloita-tyoskentely\/\",\"name\":\"Yksityisopettaja: Opas opetusty\u00f6n aloittamiseen. | Yoopies\",\"isPartOf\":{\"@id\":\"https:\/\/yoopies.fi\/c\/#website\"},\"primaryImageOfPage\":{\"@id\":\"https:\/\/yoopies.fi\/c\/yksityisopettaja-aloita-tyoskentely\/#primaryimage\"},\"image\":{\"@id\":\"https:\/\/yoopies.fi\/c\/yksityisopettaja-aloita-tyoskentely\/#primaryimage\"},\"thumbnailUrl\":\"https:\/\/yoopies.fi\/c\/wp-content\/uploads\/sites\/8\/2022\/05\/804059d4-15e7-4724-b12b-06065e378053-pexels-cottonbro-410722628129.jpg\",\"datePublished\":\"2022-05-31T10:44:55+00:00\",\"dateModified\":\"2025-06-12T08:44:37+00:00\",\"description\":\"Yksityisopettaja | Aloita ty\u00f6skentely intohimosi parissa joustavasti yksityisopettajana. Kuinka aloitan? \ud83d\udd0e | Lue Yoopieksen vinkit ty\u00f6n aloittamiseen.\",\"breadcrumb\":{\"@id\":\"https:\/\/yoopies.fi\/c\/yksityisopettaja-aloita-tyoskentely\/#breadcrumb\"},\"inLanguage\":\"fi\",\"potentialAction\":[{\"@type\":\"ReadAction\",\"target\":[\"https:\/\/yoopies.fi\/c\/yksityisopettaja-aloita-tyoskentely\/\"]}]},{\"@type\":\"ImageObject\",\"inLanguage\":\"fi\",\"@id\":\"https:\/\/yoopies.fi\/c\/yksityisopettaja-aloita-tyoskentely\/#primaryimage\",\"url\":\"https:\/\/yoopies.fi\/c\/wp-content\/uploads\/sites\/8\/2022\/05\/804059d4-15e7-4724-b12b-06065e378053-pexels-cottonbro-410722628129.jpg\",\"contentUrl\":\"https:\/\/yoopies.fi\/c\/wp-content\/uploads\/sites\/8\/2022\/05\/804059d4-15e7-4724-b12b-06065e378053-pexels-cottonbro-410722628129.jpg\",\"width\":1200,\"height\":900},{\"@type\":\"BreadcrumbList\",\"@id\":\"https:\/\/yoopies.fi\/c\/yksityisopettaja-aloita-tyoskentely\/#breadcrumb\",\"itemListElement\":[{\"@type\":\"ListItem\",\"position\":1,\"name\":\"Home\",\"item\":\"https:\/\/yoopies.fi\/c\/\"},{\"@type\":\"ListItem\",\"position\":2,\"name\":\"Yksityisopettaja | Opas opetusty\u00f6n aloittamiseen\"}]},{\"@type\":\"WebSite\",\"@id\":\"https:\/\/yoopies.fi\/c\/#website\",\"url\":\"https:\/\/yoopies.fi\/c\/\",\"name\":\"Yoopies Suomi\",\"description\":\"\",\"potentialAction\":[{\"@type\":\"SearchAction\",\"target\":{\"@type\":\"EntryPoint\",\"urlTemplate\":\"https:\/\/yoopies.fi\/c\/?s={search_term_string}\"},\"query-input\":{\"@type\":\"PropertyValueSpecification\",\"valueRequired\":true,\"valueName\":\"search_term_string\"}}],\"inLanguage\":\"fi\"}]}<\/script>\n<!-- \/ Yoast SEO plugin. -->","yoast_head_json":{"title":"Yksityisopettaja: Opas opetusty\u00f6n aloittamiseen. | Yoopies","description":"Yksityisopettaja | Aloita ty\u00f6skentely intohimosi parissa joustavasti yksityisopettajana. Kuinka aloitan? \ud83d\udd0e | Lue Yoopieksen vinkit ty\u00f6n aloittamiseen.","robots":{"index":"index","follow":"follow","max-snippet":"max-snippet:-1","max-image-preview":"max-image-preview:large","max-video-preview":"max-video-preview:-1"},"canonical":"https:\/\/yoopies.fi\/c\/yksityisopettaja-aloita-tyoskentely\/","og_locale":"fi_FI","og_type":"article","og_title":"Yksityisopettaja: Opas opetusty\u00f6n aloittamiseen. | Yoopies","og_description":"Yksityisopettaja | Aloita ty\u00f6skentely intohimosi parissa joustavasti yksityisopettajana. Kuinka aloitan? \ud83d\udd0e | Lue Yoopieksen vinkit ty\u00f6n aloittamiseen.","og_url":"https:\/\/yoopies.fi\/c\/yksityisopettaja-aloita-tyoskentely\/","og_site_name":"Yoopies Suomi","article_modified_time":"2025-06-12T08:44:37+00:00","og_image":[{"width":1200,"height":900,"url":"https:\/\/yoopies.fi\/c\/wp-content\/uploads\/sites\/8\/2022\/05\/804059d4-15e7-4724-b12b-06065e378053-pexels-cottonbro-410722628129.jpg","type":"image\/jpeg"}],"twitter_card":"summary_large_image","twitter_misc":{"Arvioitu lukuaika":"3 minuuttia"},"schema":{"@context":"https:\/\/schema.org","@graph":[{"@type":"WebPage","@id":"https:\/\/yoopies.fi\/c\/yksityisopettaja-aloita-tyoskentely\/","url":"https:\/\/yoopies.fi\/c\/yksityisopettaja-aloita-tyoskentely\/","name":"Yksityisopettaja: Opas opetusty\u00f6n aloittamiseen. | Yoopies","isPartOf":{"@id":"https:\/\/yoopies.fi\/c\/#website"},"primaryImageOfPage":{"@id":"https:\/\/yoopies.fi\/c\/yksityisopettaja-aloita-tyoskentely\/#primaryimage"},"image":{"@id":"https:\/\/yoopies.fi\/c\/yksityisopettaja-aloita-tyoskentely\/#primaryimage"},"thumbnailUrl":"https:\/\/yoopies.fi\/c\/wp-content\/uploads\/sites\/8\/2022\/05\/804059d4-15e7-4724-b12b-06065e378053-pexels-cottonbro-410722628129.jpg","datePublished":"2022-05-31T10:44:55+00:00","dateModified":"2025-06-12T08:44:37+00:00","description":"Yksityisopettaja | Aloita ty\u00f6skentely intohimosi parissa joustavasti yksityisopettajana. Kuinka aloitan? \ud83d\udd0e | Lue Yoopieksen vinkit ty\u00f6n aloittamiseen.","breadcrumb":{"@id":"https:\/\/yoopies.fi\/c\/yksityisopettaja-aloita-tyoskentely\/#breadcrumb"},"inLanguage":"fi","potentialAction":[{"@type":"ReadAction","target":["https:\/\/yoopies.fi\/c\/yksityisopettaja-aloita-tyoskentely\/"]}]},{"@type":"ImageObject","inLanguage":"fi","@id":"https:\/\/yoopies.fi\/c\/yksityisopettaja-aloita-tyoskentely\/#primaryimage","url":"https:\/\/yoopies.fi\/c\/wp-content\/uploads\/sites\/8\/2022\/05\/804059d4-15e7-4724-b12b-06065e378053-pexels-cottonbro-410722628129.jpg","contentUrl":"https:\/\/yoopies.fi\/c\/wp-content\/uploads\/sites\/8\/2022\/05\/804059d4-15e7-4724-b12b-06065e378053-pexels-cottonbro-410722628129.jpg","width":1200,"height":900},{"@type":"BreadcrumbList","@id":"https:\/\/yoopies.fi\/c\/yksityisopettaja-aloita-tyoskentely\/#breadcrumb","itemListElement":[{"@type":"ListItem","position":1,"name":"Home","item":"https:\/\/yoopies.fi\/c\/"},{"@type":"ListItem","position":2,"name":"Yksityisopettaja | Opas opetusty\u00f6n aloittamiseen"}]},{"@type":"WebSite","@id":"https:\/\/yoopies.fi\/c\/#website","url":"https:\/\/yoopies.fi\/c\/","name":"Yoopies Suomi","description":"","potentialAction":[{"@type":"SearchAction","target":{"@type":"EntryPoint","urlTemplate":"https:\/\/yoopies.fi\/c\/?s={search_term_string}"},"query-input":{"@type":"PropertyValueSpecification","valueRequired":true,"valueName":"search_term_string"}}],"inLanguage":"fi"}]}},"_links":{"self":[{"href":"https:\/\/yoopies.fi\/c\/wp-json\/wp\/v2\/pages\/42","targetHints":{"allow":["GET"]}}],"collection":[{"href":"https:\/\/yoopies.fi\/c\/wp-json\/wp\/v2\/pages"}],"about":[{"href":"https:\/\/yoopies.fi\/c\/wp-json\/wp\/v2\/types\/page"}],"author":[{"embeddable":true,"href":"https:\/\/yoopies.fi\/c\/wp-json\/wp\/v2\/users\/10"}],"replies":[{"embeddable":true,"href":"https:\/\/yoopies.fi\/c\/wp-json\/wp\/v2\/comments?post=42"}],"version-history":[{"count":1,"href":"https:\/\/yoopies.fi\/c\/wp-json\/wp\/v2\/pages\/42\/revisions"}],"predecessor-version":[{"id":48,"href":"https:\/\/yoopies.fi\/c\/wp-json\/wp\/v2\/pages\/42\/revisions\/48"}],"wp:featuredmedia":[{"embeddable":true,"href":"https:\/\/yoopies.fi\/c\/wp-json\/wp\/v2\/media\/47"}],"wp:attachment":[{"href":"https:\/\/yoopies.fi\/c\/wp-json\/wp\/v2\/media?parent=42"}],"curies":[{"name":"wp","href":"https:\/\/api.w.org\/{rel}","templated":true}]}}