{"id":31,"date":"2022-06-07T14:22:20","date_gmt":"2022-06-07T14:22:20","guid":{"rendered":"https:\/\/blog.yoopies.fi\/toita-opiskelijalle\/"},"modified":"2025-06-12T08:44:37","modified_gmt":"2025-06-12T08:44:37","slug":"toita-opiskelijalle","status":"publish","type":"page","link":"https:\/\/yoopies.fi\/c\/toita-opiskelijalle\/","title":{"rendered":"T\u00f6it\u00e4 opiskelijalle?"},"content":{"rendered":"<p><p class=\"block-img\"><img decoding=\"async\" src=\"https:\/\/yoopies.fi\/c\/wp-content\/uploads\/sites\/8\/2022\/06\/65e58cf2-10be-4e2c-a00d-e266456c9d48_FI-Banners.jpg\" alt=\"\"><\/p>\n<p>Haluatko tienata extra-rahaa opiskelujen ohessa? Ahkerimmat opiskelijat voivat tienata jopa 500&euro; kuukaudessa, keskima\u0308a\u0308rin opiskelijat tienaavat 200-300&euro; kuukaudessa extraa. Opiskelijat saavat olla myo\u0308s tarkkana tulorajojen kanssa, yli 10 000&euro; vuositulot voivat vaikuttaa verotukseen seka\u0308 opintotukeen. Opiskelijat ovat tottuneet ela\u0308ma\u0308a\u0308n pienilla\u0308 tuloilla, mutta to\u0308iden tekeminen kuuluu monien opiskelijoiden arkeen. Suomessa olemme oikeutetussa asemassa, opiskelijat voivat ansaita opintotukea seka\u0308 valtiontakaamaa opintolainaa. Tuista huolimatta kaikkia menot eiva\u0308t va\u0308ltta\u0308ma\u0308tta\u0308 kuittaudu ja taskurahalle voi olla tarvetta. Puolet suomalaisista opiskelijoista tyo\u0308skentelee opiskelujen ohessa. Yleisinta\u0308 on tyo\u0308skennella\u0308 korkeakouluopintojen ohella, ammattikorkeakouluopiskelijoista 58% tyo\u0308skentelee osa-aikaisesti ja yliopisto-opiskelijoista 55%, lukiolaisista 33% tyo\u0308skentelee opintojen ohessa seka\u0308 ammatillisen koulutuksen opiskelijoista 47%.  <\/p>\n<p>Tunnetusti to\u0308iden ja opiskelujen yhdista\u0308minen on rankkaa, selvitimme opiskelijoille suunnatussa tutkimuksessa, kuinka paljon opiskelijat tekeva\u0308t to\u0308ita\u0308, kuinka paljon he tienaavat, minka\u0308laisia to\u0308ita\u0308 opiskelijat tekeva\u0308t. Opiskelijat pa\u0308a\u0308siva\u0308t myo\u0308s kertomaan haasteista to\u0308iden ja opiskeluiden yhdista\u0308misessa\u0308 seka\u0308 motivoivista tekijo\u0308ista\u0308. Kyselyyn vastanneet opiskelevat 2. Tai 3. asteen oppilaitoksessa. <\/p>\n<p class=\"block-img\"><img decoding=\"async\" src=\"https:\/\/yoopies.fi\/c\/wp-content\/uploads\/sites\/8\/2022\/06\/eebd0e18-0615-4c73-afe0-d17b45ea9e5c_pexels-alena-darmel-903729628129.jpg\" alt=\"\"><\/p>\n<\/p>\n<p><h2><strong>Sis&auml;lt&ouml;<\/strong><\/h2>\n<p>\n<a href=\"https:\/\/#h2-2\">1. Minka\u0308laisia to\u0308ita\u0308 opiskelijat tekeva\u0308t? <\/a><br \/>\n<a href=\"https:\/\/#h2-3\">2. Harrastuksesta ty&ouml; <br \/>\n3. Miten yhdist&auml;&auml; opiskelut ja ty&ouml;? <\/a>\n<\/p>\n<\/p>\n<h2><strong>Minka\u0308laisia to\u0308ita\u0308 opiskelijat tekeva\u0308t? <br \/>\n<\/strong><\/h2>\n<p>Parhaiten opiskelijalle sopii joustavat ja nollatyo\u0308-, osa-aikaiset tyo\u0308sopimukset tai tyo\u0308skentely kevyt yritta\u0308ja\u0308na\u0308 laskutuspalvelun kautta. Keskima\u0308a\u0308rin opiskelijat tyo\u0308skenteleva\u0308t 4 tuntia pa\u0308iva\u0308ssa\u0308 tai kolmena pa\u0308iva\u0308na\u0308 viikossa.5 Suosituimmat opiskelijoille suunnatut tyo\u0308tehta\u0308va\u0308t lo\u0308ytyva\u0308t ravintola-, kaupan seka\u0308 hoito-alalta. Sosiaalinen media on myo\u0308s avannut ovia uusia tyo\u0308tehta\u0308ville, osa-aikaisena voi tyo\u0308skennella\u0308 myo\u0308s vaikuttaja markkinoinnin tai myynnin parissa. Tyo\u0308skentely extraajana kaupan alalla on myo\u0308s joustava vaihtoehto opiskelijalle, tyo\u0308t voivat myo\u0308s sijoittua viikonloppuihin, joten viikonloppu- ja iltalisa\u0308t tuovat lisa\u0308arvoa tyo\u0308lle. 4 Ka\u0308yta\u0308nno\u0308nla\u0308heisesta\u0308 aikaisemmasta koulutuksesta, kuten la\u0308hihoitajan tutkinnosta voi olla hyo\u0308tya\u0308, koulutetuille hoitajille lo\u0308ytyy kysynta\u0308a\u0308 ja keikka vuoroja aina. Yoopies sivustolta opiskelija voi lo\u0308yta\u0308a\u0308 tyo\u0308n esimerkiksi lasten- vanhusten tai perhepa\u0308iva\u0308hoitajana. Opiskelijoiden keskuudessa suosioon ovat nousseet lasten- ja lemmikkiela\u0308inten hoito seka\u0308 yksityisopetus. 1 <\/p>\n<p>Suurin motivaattori opiskelijoille on lisa\u0308tulot, pienilla\u0308 tuloilla ela\u0308va\u0308t opiskelijat arvostavat myo\u0308s turvallisuuden tunnetta, minka\u0308 lisa\u0308tulot ja opintolaina tuovat. Sa\u0308a\u0308sta\u0308minen ja sijoittaminen on nyt trendika\u0308sta\u0308, mika\u0308 on lisa\u0308nnyt tietoisuutta sijoittamisen hyo\u0308dyista\u0308 opiskelijoiden keskuudessa.2 Rahan lisa\u0308ksi opiskelijoita motivoi tyo\u0308kokemus, on mukava saada va\u0308ha\u0308n jalkaa oven va\u0308liin tulevaisuuden tyo\u0308uraa varten.\n<\/p>\n<h2><strong>Harrastuksesta tyo\u0308 <br \/>\n<\/strong><\/h2>\n<p>Mika\u0308 onkaan parempaa, kuin yhdista\u0308a\u0308 harrastus ja tyo\u0308. Opiskelijana tilanne on ihanteellinen ja helposti toteuttavissa. Jos opiskelija omaa urheiluharrastus taustaa, on mahdollista toimia valmentaja omalle lajille. Jos taas nauti tkirjoittamisesta ,bloggaaminen taiomane-kirjankirjoittaminenjamyyminenvoi olla hyva\u0308 lisa\u0308tulo. Kielitaitoinen voi toimia yksityisopettajana esimerkiksi englannin, ranskan tai ruotsin kielelle, kun taas musikaalinen opiskelija voi toimia esimerkiksi kitaran- tai pianon soiton opettajana. Suomessa Yoopies tarjoaa yli 20 oppiainetta, mita\u0308 on mahdollista opettaa aina sopimuksen mukaan, joko eta\u0308na\u0308 tai paikan pa\u0308a\u0308lla\u0308 opetettavan kotona. <\/p>\n<\/p>\n<h2><strong>Miten yhdista\u0308a\u0308 opiskelut ja tyo\u0308? <\/strong><\/h2>\n<\/p>\n<p>Vaikeimpana tekija\u0308na\u0308 opiskelijat kokivat opiskeluiden ja to\u0308iden yhdista\u0308misessa\u0308, oman jaksamisen seka\u0308 palautumisen.1 Opiskelijat tyo\u0308skenteleva\u0308t yleensa\u0308 viikonloppuisin seka\u0308 lomilla, joten vapaapa\u0308ivia\u0308 ei aina ole riitta\u0308va\u0308sti. Parhaiten opiskelijoita palauttaa ta\u0308yslepopa\u0308iva\u0308t seka\u0308 riitta\u0308va\u0308 uni. Lisa\u0308tulojen ja\u0308lkeen toisiksi vaiken tekija\u0308 on ajanpuute.1 .Kiireisen opiskelijan arjessa ajanhallinta on avainasemassa, jonka vuoksi kalenteri kannattaa olla hallussa: kirjoita kalenteriisi ylo\u0308s pakolliset menot, milloin on pakollisia kursseja, harrastuksesi seka\u0308 mahdolliset tyo\u0308si. Kaikkea ei voi suorittaa yhta\u0308aikaa, minka\u0308 vuoksi on ta\u0308rkea\u0308a\u0308 osata sanoa va\u0308lilla\u0308 myo\u0308s ei lisa\u0308to\u0308ille. Opiskelu ja to\u0308iden yhdista\u0308minen voi olla rankkaa, opiskeluvuosia ei kannata suorittaa sumussa ja paiskoa liikaa to\u0308ita\u0308, minka\u0308 vuoksi va\u0308lilla\u0308 on hyva\u0308 ka\u0308yda\u0308 tuulettumassa opiskelija riennoissa ja ottaa aikaa myo\u0308s palautumiselle. Ysta\u0308via\u0308 ei tule unohtaa ja on enemma\u0308n, kuin hyva\u0308ksytta\u0308va\u0308a\u0308 va\u0308lilla\u0308 olla tekema\u0308tta\u0308 yhta\u0308a\u0308n mita\u0308a\u0308n. <\/p>\n<\/p>\n<p>Etk&ouml; ole l&ouml;yt&auml;nyt viel&auml; etsim&auml;&auml;si ty&ouml;t&auml;? Ei h&auml;t&auml;&auml;, yhteisty&ouml;kumppanimme <a target=\"_blank\" rel=\"noopener\" href=\"https:\/\/fi.jobsora.com\/\">Jobsora <\/a>tarjoaa avoimia ty&ouml;paikkoja ymp&auml;ri Suomen! <\/p>\n<\/p>\n<p><a class=\"button\" href=\"https:\/\/yoopies.fi\/\">L\u00f6yd\u00e4 sinulle sopiva opiskelijaty\u00f6! <\/a><\/p>\n<p><p><strong>L&auml;hteet: <\/strong><\/p>\n<p>La\u0308hde: Yoopies. Kysely opiskelijoille. 2021. <\/p>\n<ol>\n<li>La\u0308hde: Taloustaito. Paljonko opiskelijan tulisi tehda\u0308 to\u0308ita\u0308? 2018. https:\/\/www.taloustaito.fi\/tyo-elake\/paljonko-opiskelijan-tulisi-tehda-toita\/#3da762 6a <\/li>\n<li>La\u0308hde: Tilastokeskus. 2021. https:\/\/www.stat.fi\/til\/opty\/index.html <\/li>\n<li>Haluatko 500 euroa ylima\u0308a\u0308ra\u0308ista\u0308 kuussa. Hanki sivutyo\u0308. 2019. https:\/\/yle.fi\/aihe\/artikkeli\/2018\/12\/27\/500-euroa-ylimaaraista-kuussa-hanki-sivutyo <\/li>\n<li>Tyo\u0308t opintojen ohella. Studentum. 2018. https:\/\/www.studentum.fi\/tietoa-tyoelamasta\/tyot-opintojen-ohella-8998 <\/li>\n<\/ol>\n","protected":false},"excerpt":{"rendered":"<p>Haluatko tienata extra-rahaa opiskelujen ohessa? Ahkerimmat opiskelijat voivat tienata jopa 500&euro; kuukaudessa, keskima\u0308a\u0308rin opiskelijat tienaavat 200-300&euro; kuukaudessa extraa. Opiskelijat saavat olla myo\u0308s tarkkana tulorajojen kanssa, yli 10 000&euro; vuositulot voivat vaikuttaa verotukseen seka\u0308 opintotukeen. Opiskelijat ovat tottuneet ela\u0308ma\u0308a\u0308n pienilla\u0308 tuloilla, mutta to\u0308iden tekeminen kuuluu monien opiskelijoiden arkeen. Suomessa olemme oikeutetussa asemassa, opiskelijat voivat ansaita opintotukea [&hellip;]<\/p>\n","protected":false},"author":10,"featured_media":34,"parent":0,"menu_order":0,"comment_status":"closed","ping_status":"closed","template":"","meta":{"_acf_changed":false,"footnotes":""},"class_list":["post-31","page","type-page","status-publish","has-post-thumbnail","hentry"],"acf":[],"yoast_head":"<!-- This site is optimized with the Yoast SEO plugin v26.9 - https:\/\/yoast.com\/product\/yoast-seo-wordpress\/ -->\n<title>T\u00f6it\u00e4 opiskelijalle | Opiskelijat vastasivat, kuinka yhdist\u00e4\u00e4 opiskelut ja ty\u00f6 \ud83d\udcda<\/title>\n<meta name=\"description\" content=\"T\u00f6it\u00e4 opiskelijalle, mink\u00e4laisia t\u00f6it\u00e4 opiskelijat tekev\u00e4t? Selvitemme opiskelijoille suunatulla tutkimuksilla, miten t\u00f6iden ja opintojen yhdist\u00e4minen onnistuu \ud83d\udcb0\" \/>\n<meta name=\"robots\" content=\"index, follow, max-snippet:-1, max-image-preview:large, max-video-preview:-1\" \/>\n<link rel=\"canonical\" href=\"https:\/\/yoopies.fi\/c\/toita-opiskelijalle\/\" \/>\n<meta property=\"og:locale\" content=\"fi_FI\" \/>\n<meta property=\"og:type\" content=\"article\" \/>\n<meta property=\"og:title\" content=\"T\u00f6it\u00e4 opiskelijalle | Opiskelijat vastasivat, kuinka yhdist\u00e4\u00e4 opiskelut ja ty\u00f6 \ud83d\udcda\" \/>\n<meta property=\"og:description\" content=\"T\u00f6it\u00e4 opiskelijalle, mink\u00e4laisia t\u00f6it\u00e4 opiskelijat tekev\u00e4t? Selvitemme opiskelijoille suunatulla tutkimuksilla, miten t\u00f6iden ja opintojen yhdist\u00e4minen onnistuu \ud83d\udcb0\" \/>\n<meta property=\"og:url\" content=\"https:\/\/yoopies.fi\/c\/toita-opiskelijalle\/\" \/>\n<meta property=\"og:site_name\" content=\"Yoopies Suomi\" \/>\n<meta property=\"article:modified_time\" content=\"2025-06-12T08:44:37+00:00\" \/>\n<meta property=\"og:image\" content=\"https:\/\/yoopies.fi\/c\/wp-content\/uploads\/sites\/8\/2022\/06\/a8696a61-673f-41b0-8299-c661562ff11b-jeshoots-com-2vd8lihdnw-unsplash.jpg\" \/>\n\t<meta property=\"og:image:width\" content=\"1200\" \/>\n\t<meta property=\"og:image:height\" content=\"800\" \/>\n\t<meta property=\"og:image:type\" content=\"image\/jpeg\" \/>\n<meta name=\"twitter:card\" content=\"summary_large_image\" \/>\n<meta name=\"twitter:label1\" content=\"Arvioitu lukuaika\" \/>\n\t<meta name=\"twitter:data1\" content=\"4 minuuttia\" \/>\n<script type=\"application\/ld+json\" class=\"yoast-schema-graph\">{\"@context\":\"https:\/\/schema.org\",\"@graph\":[{\"@type\":\"WebPage\",\"@id\":\"https:\/\/yoopies.fi\/c\/toita-opiskelijalle\/\",\"url\":\"https:\/\/yoopies.fi\/c\/toita-opiskelijalle\/\",\"name\":\"T\u00f6it\u00e4 opiskelijalle | Opiskelijat vastasivat, kuinka yhdist\u00e4\u00e4 opiskelut ja ty\u00f6 \ud83d\udcda\",\"isPartOf\":{\"@id\":\"https:\/\/yoopies.fi\/c\/#website\"},\"primaryImageOfPage\":{\"@id\":\"https:\/\/yoopies.fi\/c\/toita-opiskelijalle\/#primaryimage\"},\"image\":{\"@id\":\"https:\/\/yoopies.fi\/c\/toita-opiskelijalle\/#primaryimage\"},\"thumbnailUrl\":\"https:\/\/yoopies.fi\/c\/wp-content\/uploads\/sites\/8\/2022\/06\/a8696a61-673f-41b0-8299-c661562ff11b-jeshoots-com-2vd8lihdnw-unsplash.jpg\",\"datePublished\":\"2022-06-07T14:22:20+00:00\",\"dateModified\":\"2025-06-12T08:44:37+00:00\",\"description\":\"T\u00f6it\u00e4 opiskelijalle, mink\u00e4laisia t\u00f6it\u00e4 opiskelijat tekev\u00e4t? Selvitemme opiskelijoille suunatulla tutkimuksilla, miten t\u00f6iden ja opintojen yhdist\u00e4minen onnistuu \ud83d\udcb0\",\"breadcrumb\":{\"@id\":\"https:\/\/yoopies.fi\/c\/toita-opiskelijalle\/#breadcrumb\"},\"inLanguage\":\"fi\",\"potentialAction\":[{\"@type\":\"ReadAction\",\"target\":[\"https:\/\/yoopies.fi\/c\/toita-opiskelijalle\/\"]}]},{\"@type\":\"ImageObject\",\"inLanguage\":\"fi\",\"@id\":\"https:\/\/yoopies.fi\/c\/toita-opiskelijalle\/#primaryimage\",\"url\":\"https:\/\/yoopies.fi\/c\/wp-content\/uploads\/sites\/8\/2022\/06\/a8696a61-673f-41b0-8299-c661562ff11b-jeshoots-com-2vd8lihdnw-unsplash.jpg\",\"contentUrl\":\"https:\/\/yoopies.fi\/c\/wp-content\/uploads\/sites\/8\/2022\/06\/a8696a61-673f-41b0-8299-c661562ff11b-jeshoots-com-2vd8lihdnw-unsplash.jpg\",\"width\":1200,\"height\":800},{\"@type\":\"BreadcrumbList\",\"@id\":\"https:\/\/yoopies.fi\/c\/toita-opiskelijalle\/#breadcrumb\",\"itemListElement\":[{\"@type\":\"ListItem\",\"position\":1,\"name\":\"Home\",\"item\":\"https:\/\/yoopies.fi\/c\/\"},{\"@type\":\"ListItem\",\"position\":2,\"name\":\"T\u00f6it\u00e4 opiskelijalle?\"}]},{\"@type\":\"WebSite\",\"@id\":\"https:\/\/yoopies.fi\/c\/#website\",\"url\":\"https:\/\/yoopies.fi\/c\/\",\"name\":\"Yoopies Suomi\",\"description\":\"\",\"potentialAction\":[{\"@type\":\"SearchAction\",\"target\":{\"@type\":\"EntryPoint\",\"urlTemplate\":\"https:\/\/yoopies.fi\/c\/?s={search_term_string}\"},\"query-input\":{\"@type\":\"PropertyValueSpecification\",\"valueRequired\":true,\"valueName\":\"search_term_string\"}}],\"inLanguage\":\"fi\"}]}<\/script>\n<!-- \/ Yoast SEO plugin. -->","yoast_head_json":{"title":"T\u00f6it\u00e4 opiskelijalle | Opiskelijat vastasivat, kuinka yhdist\u00e4\u00e4 opiskelut ja ty\u00f6 \ud83d\udcda","description":"T\u00f6it\u00e4 opiskelijalle, mink\u00e4laisia t\u00f6it\u00e4 opiskelijat tekev\u00e4t? Selvitemme opiskelijoille suunatulla tutkimuksilla, miten t\u00f6iden ja opintojen yhdist\u00e4minen onnistuu \ud83d\udcb0","robots":{"index":"index","follow":"follow","max-snippet":"max-snippet:-1","max-image-preview":"max-image-preview:large","max-video-preview":"max-video-preview:-1"},"canonical":"https:\/\/yoopies.fi\/c\/toita-opiskelijalle\/","og_locale":"fi_FI","og_type":"article","og_title":"T\u00f6it\u00e4 opiskelijalle | Opiskelijat vastasivat, kuinka yhdist\u00e4\u00e4 opiskelut ja ty\u00f6 \ud83d\udcda","og_description":"T\u00f6it\u00e4 opiskelijalle, mink\u00e4laisia t\u00f6it\u00e4 opiskelijat tekev\u00e4t? Selvitemme opiskelijoille suunatulla tutkimuksilla, miten t\u00f6iden ja opintojen yhdist\u00e4minen onnistuu \ud83d\udcb0","og_url":"https:\/\/yoopies.fi\/c\/toita-opiskelijalle\/","og_site_name":"Yoopies Suomi","article_modified_time":"2025-06-12T08:44:37+00:00","og_image":[{"width":1200,"height":800,"url":"https:\/\/yoopies.fi\/c\/wp-content\/uploads\/sites\/8\/2022\/06\/a8696a61-673f-41b0-8299-c661562ff11b-jeshoots-com-2vd8lihdnw-unsplash.jpg","type":"image\/jpeg"}],"twitter_card":"summary_large_image","twitter_misc":{"Arvioitu lukuaika":"4 minuuttia"},"schema":{"@context":"https:\/\/schema.org","@graph":[{"@type":"WebPage","@id":"https:\/\/yoopies.fi\/c\/toita-opiskelijalle\/","url":"https:\/\/yoopies.fi\/c\/toita-opiskelijalle\/","name":"T\u00f6it\u00e4 opiskelijalle | Opiskelijat vastasivat, kuinka yhdist\u00e4\u00e4 opiskelut ja ty\u00f6 \ud83d\udcda","isPartOf":{"@id":"https:\/\/yoopies.fi\/c\/#website"},"primaryImageOfPage":{"@id":"https:\/\/yoopies.fi\/c\/toita-opiskelijalle\/#primaryimage"},"image":{"@id":"https:\/\/yoopies.fi\/c\/toita-opiskelijalle\/#primaryimage"},"thumbnailUrl":"https:\/\/yoopies.fi\/c\/wp-content\/uploads\/sites\/8\/2022\/06\/a8696a61-673f-41b0-8299-c661562ff11b-jeshoots-com-2vd8lihdnw-unsplash.jpg","datePublished":"2022-06-07T14:22:20+00:00","dateModified":"2025-06-12T08:44:37+00:00","description":"T\u00f6it\u00e4 opiskelijalle, mink\u00e4laisia t\u00f6it\u00e4 opiskelijat tekev\u00e4t? Selvitemme opiskelijoille suunatulla tutkimuksilla, miten t\u00f6iden ja opintojen yhdist\u00e4minen onnistuu \ud83d\udcb0","breadcrumb":{"@id":"https:\/\/yoopies.fi\/c\/toita-opiskelijalle\/#breadcrumb"},"inLanguage":"fi","potentialAction":[{"@type":"ReadAction","target":["https:\/\/yoopies.fi\/c\/toita-opiskelijalle\/"]}]},{"@type":"ImageObject","inLanguage":"fi","@id":"https:\/\/yoopies.fi\/c\/toita-opiskelijalle\/#primaryimage","url":"https:\/\/yoopies.fi\/c\/wp-content\/uploads\/sites\/8\/2022\/06\/a8696a61-673f-41b0-8299-c661562ff11b-jeshoots-com-2vd8lihdnw-unsplash.jpg","contentUrl":"https:\/\/yoopies.fi\/c\/wp-content\/uploads\/sites\/8\/2022\/06\/a8696a61-673f-41b0-8299-c661562ff11b-jeshoots-com-2vd8lihdnw-unsplash.jpg","width":1200,"height":800},{"@type":"BreadcrumbList","@id":"https:\/\/yoopies.fi\/c\/toita-opiskelijalle\/#breadcrumb","itemListElement":[{"@type":"ListItem","position":1,"name":"Home","item":"https:\/\/yoopies.fi\/c\/"},{"@type":"ListItem","position":2,"name":"T\u00f6it\u00e4 opiskelijalle?"}]},{"@type":"WebSite","@id":"https:\/\/yoopies.fi\/c\/#website","url":"https:\/\/yoopies.fi\/c\/","name":"Yoopies Suomi","description":"","potentialAction":[{"@type":"SearchAction","target":{"@type":"EntryPoint","urlTemplate":"https:\/\/yoopies.fi\/c\/?s={search_term_string}"},"query-input":{"@type":"PropertyValueSpecification","valueRequired":true,"valueName":"search_term_string"}}],"inLanguage":"fi"}]}},"_links":{"self":[{"href":"https:\/\/yoopies.fi\/c\/wp-json\/wp\/v2\/pages\/31","targetHints":{"allow":["GET"]}}],"collection":[{"href":"https:\/\/yoopies.fi\/c\/wp-json\/wp\/v2\/pages"}],"about":[{"href":"https:\/\/yoopies.fi\/c\/wp-json\/wp\/v2\/types\/page"}],"author":[{"embeddable":true,"href":"https:\/\/yoopies.fi\/c\/wp-json\/wp\/v2\/users\/10"}],"replies":[{"embeddable":true,"href":"https:\/\/yoopies.fi\/c\/wp-json\/wp\/v2\/comments?post=31"}],"version-history":[{"count":1,"href":"https:\/\/yoopies.fi\/c\/wp-json\/wp\/v2\/pages\/31\/revisions"}],"predecessor-version":[{"id":35,"href":"https:\/\/yoopies.fi\/c\/wp-json\/wp\/v2\/pages\/31\/revisions\/35"}],"wp:featuredmedia":[{"embeddable":true,"href":"https:\/\/yoopies.fi\/c\/wp-json\/wp\/v2\/media\/34"}],"wp:attachment":[{"href":"https:\/\/yoopies.fi\/c\/wp-json\/wp\/v2\/media?parent=31"}],"curies":[{"name":"wp","href":"https:\/\/api.w.org\/{rel}","templated":true}]}}