{"id":105,"date":"2022-02-09T09:16:29","date_gmt":"2022-02-09T09:16:29","guid":{"rendered":"https:\/\/blog.yoopies.fi\/uudelle-uralle-loyda-oma-urakehityksesi\/"},"modified":"2025-06-12T08:44:37","modified_gmt":"2025-06-12T08:44:37","slug":"uudelle-uralle-loyda-oma-urakehityksesi","status":"publish","type":"page","link":"https:\/\/yoopies.fi\/c\/uudelle-uralle-loyda-oma-urakehityksesi\/","title":{"rendered":"Uudelle uralle: L\u00f6yd\u00e4 oma urakehityksesi"},"content":{"rendered":"<p><p>Ty&ouml;n merkityksest&auml; on puhuttu viime vuosina paljon. Etenkin nuoret sek&auml; milleaanit haluavat, ett&auml; ty&ouml; on merkityksellist&auml;, eik&auml; t&ouml;it&auml; tehd&auml; vain viikonloppujen ja lomien vuoksi. Ei ihmekk&auml;&auml;n, ett&auml; ty&ouml;n merkityksellisyys puhututtaa, tutkimuksien mukaan ty&ouml;ntekij&auml;, joka tuntee olonsa merkitykselliseksi on tehokkaampi, luovempi, terveempi sek&auml; onnellisempi. <\/p>\n<p>Merkityksellisen uran puolesta puhuja Piia, <a target=\"_blank\" rel=\"noopener\" href=\"https:\/\/www.uralla.fi\/\">Uralla-<\/a> blogin kirjoittaja jakaa konkreettisia vinkkej&auml; ammateista ja koulutuksista. Piian blogista l&ouml;ytyy sis&auml;lt&ouml;&auml; laidasta laitaan, blogista l&ouml;yt&auml;&auml; vinkkej&auml; merkityksen uran l&ouml;ytymiseen, konkreettisia ohjeita ty&ouml;nhakuun sek&auml; inspiroivia opiskelutarinoita. <\/p>\n<p>Blogin kirjoittaja Piia itse on utelias monitaituri, ennest&auml;&auml; h&auml;n on liikuntaneuvoja, sosionomi sek&auml; AMO, t&auml;ll&auml; hetkell&auml; h&auml;n opiskelee kasvatustieteiden maisteriksi sek&auml; opinto-ohjaaksi, ei ihmekk&auml;&auml;n ett&auml; blogi tarjoaa monipuolista tietoa. T&auml;m&auml;n blogin l&ouml;ydetty&auml;si Piia on numero 1. Uratsemppari jos tarvitset inspiraatiota tai uutta suuntaa el&auml;m&auml;lle.&nbsp;<\/p>\n<\/p>\n<figure><img decoding=\"async\" src=\"https:\/\/yoopies.fi\/c\/wp-content\/uploads\/sites\/8\/2022\/02\/98424dca-1c7b-439b-af53-5d3b63328e97-pexels-energepiccom-110473-min.jpg\" \/><\/figure>\n<p><p><strong>Yoopieksen top 3 postausta: <br \/>\n <\/strong><br \/>\n Kokosimme Yoopies tiimin kesken kolme postausta, jotka auttavat varmasti opiskelijoita sek&auml; lis&auml;t&ouml;it&auml; etsivi&auml; niin ty&ouml;nhaussa, mutta my&ouml;s ajanhallinnan kanssa. <\/p>\n<p> <a href=\"https:\/\/www.uralla.fi\/2021\/10\/01\/tyon-ja-opiskelun-yhteensovittaminen-nain-teet-sen\/\">1. Ty&ouml;n ja opiskelun yhteensovittaminen- N&auml;in teet sen!&nbsp;<\/a>\n<\/p>\n<p>My&ouml;s Yoopieksen kanssa teimme pienimuotoisen tutkielman opiskelijoiden ty&ouml;n ja opiskeluiden yhteensovittamisesta. Uralla- blogin postauksesta saat konkreettiset vinkit aikatauluttamiseen, mutta my&ouml;s pohdittavaksi, miksi lepop&auml;iv&auml;t ovat t&auml;rkeit&auml;.&nbsp;<\/p>\n<\/p>\n<p><a href=\"https:\/\/www.uralla.fi\/2022\/01\/15\/linkedin-profiili-toimii-cvn-jatkeena\/\">2. LinkedIN profiili toimii cv:n jatkeena <\/a>\n<\/p>\n<p>Jos sinulta ei l&ouml;ydy LinkedIn profiilia viel&auml;, nyt on korkea aika luoda profiili! LinkedIn auttaa sinua ty&ouml;nhaussa, mutta tarjoaa my&ouml;s asiantuntevaa ja ajankohtaista sis&auml;lt&ouml;&auml; k&auml;ytt&auml;jille. Lue siis Uralla blogin vinkit, miten LinkedInin kanssa kannattaa l&auml;hte&auml; liikkeelle. Vinkit auttavat my&ouml;s sinua, kun luot profiilisi ja ilmoituksesi Yoopies- sivustolle. <\/p>\n<p>\n <a href=\"https:\/\/www.uralla.fi\/2021\/05\/24\/ajanhallinta-on-menestystekija-uralla\/\">3. Ajanhallinta on menestystekij&auml; Uralla- Ota ajank&auml;ytt&ouml; haltuun! <\/a><\/p>\n<p> Ajanhallinta liittyy my&ouml;s vahvasti ty&ouml;n ja opiskelujen yhdist&auml;miseen. Ajanhallinta ja itsens&auml;johtaminen, etenkin korona-aikana on avainasemassa, kun kotona pit&auml;isi opiskella ja ty&ouml;skennell&auml; muiden houkutuksien keskell&auml;.&nbsp;<\/p>\n<\/p>\n<figure><img decoding=\"async\" src=\"https:\/\/yoopies.fi\/c\/wp-content\/uploads\/sites\/8\/2022\/02\/43c5fe4c-8f31-4e09-a712-f2f552ee092f-aleksander-vlad-jiveo0i1eb4-unsplash.jpg\" \/><\/figure>\n<p><p>Instagramissa: <a href=\"https:\/\/www.instagram.com\/uratsemppari\/\">@Uratsemppari<\/a><\/p>\n<p> Piialla on monta rautaa tulessa, mutta silti h&auml;n on aktiivinen Instagramissa, niin postausten, strorien, kuin REELS- videoidenkin kanssa. Etsitk&ouml; ihan uutta suuntaa ty&ouml;urallesi tai vertaistukea koulu kiireiden keskelle? T&auml;lt&auml; tililt&auml; l&ouml;yd&auml;t yritys- ja ammattibongaukset, tiesitk&ouml; edes n&auml;iden ammattien tai koulutusten olemassa olosta? <\/p>\n<p>\n <\/p>\n<\/p>\n<figure><img decoding=\"async\" src=\"https:\/\/yoopies.fi\/c\/wp-content\/uploads\/sites\/8\/2022\/02\/b4b3e5a5-c1b4-43de-8972-d1d7e8465abd-nacc88yttocc88kuva2022-2-8kello13-07-33.jpg\" \/><\/figure>\n<p><p><strong>Haluatko sin&auml; kertoa oman tarinasi?&nbsp;<\/strong><\/p>\n<p>Uralla- blogi n&auml;ytt&auml;&auml; suuntaa, mutta ennenkaikkea inspiroi lukijaa. Haluatko sin&auml; kertoa omasta urastasi tai opiskeluistasi blogissa? Opiskelu- ja uratarinat tuovat n&auml;kyvyytt&auml; aloille, mutta ennenkaikkea auttavat henkil&ouml;it&auml;, jotka p&auml;hk&auml;ilev&auml;t oman ammatinvalinnan suhteen. Voit lukea lis&auml;&auml; oman urasi esittelyst&auml; <a href=\"https:\/\/www.uralla.fi\/esittele-tyo-tai-koulutus\/\">t&auml;&auml;lt&auml;<\/a>.&nbsp;<\/p><\/p>\n","protected":false},"excerpt":{"rendered":"<p>Ty&ouml;n merkityksest&auml; on puhuttu viime vuosina paljon. Etenkin nuoret sek&auml; milleaanit haluavat, ett&auml; ty&ouml; on merkityksellist&auml;, eik&auml; t&ouml;it&auml; tehd&auml; vain viikonloppujen ja lomien vuoksi. Ei ihmekk&auml;&auml;n, ett&auml; ty&ouml;n merkityksellisyys puhututtaa, tutkimuksien mukaan ty&ouml;ntekij&auml;, joka tuntee olonsa merkitykselliseksi on tehokkaampi, luovempi, terveempi sek&auml; onnellisempi. Merkityksellisen uran puolesta puhuja Piia, Uralla- blogin kirjoittaja jakaa konkreettisia vinkkej&auml; ammateista [&hellip;]<\/p>\n","protected":false},"author":10,"featured_media":109,"parent":0,"menu_order":0,"comment_status":"closed","ping_status":"closed","template":"","meta":{"_acf_changed":false,"footnotes":""},"class_list":["post-105","page","type-page","status-publish","has-post-thumbnail","hentry"],"acf":[],"yoast_head":"<!-- This site is optimized with the Yoast SEO plugin v26.9 - https:\/\/yoast.com\/product\/yoast-seo-wordpress\/ -->\n<title>Uudelle uralle: Uralla-blogi puhuu urakehityksen puolesta<\/title>\n<meta name=\"description\" content=\"Uudelle uralle vai omalle uralle? Uralla-blogi puhuu merkityksellisen ty\u00f6n ja urakehityksen puolesta. L\u00f6yd\u00e4 inspiroivia vinkkej\u00e4 liittyen ammatinvalintaan.\" \/>\n<meta name=\"robots\" content=\"index, follow, max-snippet:-1, max-image-preview:large, max-video-preview:-1\" \/>\n<link rel=\"canonical\" href=\"https:\/\/yoopies.fi\/c\/uudelle-uralle-loyda-oma-urakehityksesi\/\" \/>\n<meta property=\"og:locale\" content=\"fi_FI\" \/>\n<meta property=\"og:type\" content=\"article\" \/>\n<meta property=\"og:title\" content=\"Uudelle uralle: Uralla-blogi puhuu urakehityksen puolesta\" \/>\n<meta property=\"og:description\" content=\"Uudelle uralle vai omalle uralle? Uralla-blogi puhuu merkityksellisen ty\u00f6n ja urakehityksen puolesta. L\u00f6yd\u00e4 inspiroivia vinkkej\u00e4 liittyen ammatinvalintaan.\" \/>\n<meta property=\"og:url\" content=\"https:\/\/yoopies.fi\/c\/uudelle-uralle-loyda-oma-urakehityksesi\/\" \/>\n<meta property=\"og:site_name\" content=\"Yoopies Suomi\" \/>\n<meta property=\"article:modified_time\" content=\"2025-06-12T08:44:37+00:00\" \/>\n<meta property=\"og:image\" content=\"https:\/\/yoopies.fi\/c\/wp-content\/uploads\/sites\/8\/2022\/02\/a8e0d42f-79b4-4529-a92b-b89dc30a0cba-pexels-august-de-richelieu-4260482.jpg\" \/>\n\t<meta property=\"og:image:width\" content=\"1200\" \/>\n\t<meta property=\"og:image:height\" content=\"801\" \/>\n\t<meta property=\"og:image:type\" content=\"image\/jpeg\" \/>\n<meta name=\"twitter:card\" content=\"summary_large_image\" \/>\n<meta name=\"twitter:label1\" content=\"Arvioitu lukuaika\" \/>\n\t<meta name=\"twitter:data1\" content=\"3 minuuttia\" \/>\n<script type=\"application\/ld+json\" class=\"yoast-schema-graph\">{\"@context\":\"https:\/\/schema.org\",\"@graph\":[{\"@type\":\"WebPage\",\"@id\":\"https:\/\/yoopies.fi\/c\/uudelle-uralle-loyda-oma-urakehityksesi\/\",\"url\":\"https:\/\/yoopies.fi\/c\/uudelle-uralle-loyda-oma-urakehityksesi\/\",\"name\":\"Uudelle uralle: Uralla-blogi puhuu urakehityksen puolesta\",\"isPartOf\":{\"@id\":\"https:\/\/yoopies.fi\/c\/#website\"},\"primaryImageOfPage\":{\"@id\":\"https:\/\/yoopies.fi\/c\/uudelle-uralle-loyda-oma-urakehityksesi\/#primaryimage\"},\"image\":{\"@id\":\"https:\/\/yoopies.fi\/c\/uudelle-uralle-loyda-oma-urakehityksesi\/#primaryimage\"},\"thumbnailUrl\":\"https:\/\/yoopies.fi\/c\/wp-content\/uploads\/sites\/8\/2022\/02\/a8e0d42f-79b4-4529-a92b-b89dc30a0cba-pexels-august-de-richelieu-4260482.jpg\",\"datePublished\":\"2022-02-09T09:16:29+00:00\",\"dateModified\":\"2025-06-12T08:44:37+00:00\",\"description\":\"Uudelle uralle vai omalle uralle? Uralla-blogi puhuu merkityksellisen ty\u00f6n ja urakehityksen puolesta. L\u00f6yd\u00e4 inspiroivia vinkkej\u00e4 liittyen ammatinvalintaan.\",\"breadcrumb\":{\"@id\":\"https:\/\/yoopies.fi\/c\/uudelle-uralle-loyda-oma-urakehityksesi\/#breadcrumb\"},\"inLanguage\":\"fi\",\"potentialAction\":[{\"@type\":\"ReadAction\",\"target\":[\"https:\/\/yoopies.fi\/c\/uudelle-uralle-loyda-oma-urakehityksesi\/\"]}]},{\"@type\":\"ImageObject\",\"inLanguage\":\"fi\",\"@id\":\"https:\/\/yoopies.fi\/c\/uudelle-uralle-loyda-oma-urakehityksesi\/#primaryimage\",\"url\":\"https:\/\/yoopies.fi\/c\/wp-content\/uploads\/sites\/8\/2022\/02\/a8e0d42f-79b4-4529-a92b-b89dc30a0cba-pexels-august-de-richelieu-4260482.jpg\",\"contentUrl\":\"https:\/\/yoopies.fi\/c\/wp-content\/uploads\/sites\/8\/2022\/02\/a8e0d42f-79b4-4529-a92b-b89dc30a0cba-pexels-august-de-richelieu-4260482.jpg\",\"width\":1200,\"height\":801},{\"@type\":\"BreadcrumbList\",\"@id\":\"https:\/\/yoopies.fi\/c\/uudelle-uralle-loyda-oma-urakehityksesi\/#breadcrumb\",\"itemListElement\":[{\"@type\":\"ListItem\",\"position\":1,\"name\":\"Home\",\"item\":\"https:\/\/yoopies.fi\/c\/\"},{\"@type\":\"ListItem\",\"position\":2,\"name\":\"Uudelle uralle: L\u00f6yd\u00e4 oma urakehityksesi\"}]},{\"@type\":\"WebSite\",\"@id\":\"https:\/\/yoopies.fi\/c\/#website\",\"url\":\"https:\/\/yoopies.fi\/c\/\",\"name\":\"Yoopies Suomi\",\"description\":\"\",\"potentialAction\":[{\"@type\":\"SearchAction\",\"target\":{\"@type\":\"EntryPoint\",\"urlTemplate\":\"https:\/\/yoopies.fi\/c\/?s={search_term_string}\"},\"query-input\":{\"@type\":\"PropertyValueSpecification\",\"valueRequired\":true,\"valueName\":\"search_term_string\"}}],\"inLanguage\":\"fi\"}]}<\/script>\n<!-- \/ Yoast SEO plugin. -->","yoast_head_json":{"title":"Uudelle uralle: Uralla-blogi puhuu urakehityksen puolesta","description":"Uudelle uralle vai omalle uralle? Uralla-blogi puhuu merkityksellisen ty\u00f6n ja urakehityksen puolesta. L\u00f6yd\u00e4 inspiroivia vinkkej\u00e4 liittyen ammatinvalintaan.","robots":{"index":"index","follow":"follow","max-snippet":"max-snippet:-1","max-image-preview":"max-image-preview:large","max-video-preview":"max-video-preview:-1"},"canonical":"https:\/\/yoopies.fi\/c\/uudelle-uralle-loyda-oma-urakehityksesi\/","og_locale":"fi_FI","og_type":"article","og_title":"Uudelle uralle: Uralla-blogi puhuu urakehityksen puolesta","og_description":"Uudelle uralle vai omalle uralle? Uralla-blogi puhuu merkityksellisen ty\u00f6n ja urakehityksen puolesta. L\u00f6yd\u00e4 inspiroivia vinkkej\u00e4 liittyen ammatinvalintaan.","og_url":"https:\/\/yoopies.fi\/c\/uudelle-uralle-loyda-oma-urakehityksesi\/","og_site_name":"Yoopies Suomi","article_modified_time":"2025-06-12T08:44:37+00:00","og_image":[{"width":1200,"height":801,"url":"https:\/\/yoopies.fi\/c\/wp-content\/uploads\/sites\/8\/2022\/02\/a8e0d42f-79b4-4529-a92b-b89dc30a0cba-pexels-august-de-richelieu-4260482.jpg","type":"image\/jpeg"}],"twitter_card":"summary_large_image","twitter_misc":{"Arvioitu lukuaika":"3 minuuttia"},"schema":{"@context":"https:\/\/schema.org","@graph":[{"@type":"WebPage","@id":"https:\/\/yoopies.fi\/c\/uudelle-uralle-loyda-oma-urakehityksesi\/","url":"https:\/\/yoopies.fi\/c\/uudelle-uralle-loyda-oma-urakehityksesi\/","name":"Uudelle uralle: Uralla-blogi puhuu urakehityksen puolesta","isPartOf":{"@id":"https:\/\/yoopies.fi\/c\/#website"},"primaryImageOfPage":{"@id":"https:\/\/yoopies.fi\/c\/uudelle-uralle-loyda-oma-urakehityksesi\/#primaryimage"},"image":{"@id":"https:\/\/yoopies.fi\/c\/uudelle-uralle-loyda-oma-urakehityksesi\/#primaryimage"},"thumbnailUrl":"https:\/\/yoopies.fi\/c\/wp-content\/uploads\/sites\/8\/2022\/02\/a8e0d42f-79b4-4529-a92b-b89dc30a0cba-pexels-august-de-richelieu-4260482.jpg","datePublished":"2022-02-09T09:16:29+00:00","dateModified":"2025-06-12T08:44:37+00:00","description":"Uudelle uralle vai omalle uralle? Uralla-blogi puhuu merkityksellisen ty\u00f6n ja urakehityksen puolesta. L\u00f6yd\u00e4 inspiroivia vinkkej\u00e4 liittyen ammatinvalintaan.","breadcrumb":{"@id":"https:\/\/yoopies.fi\/c\/uudelle-uralle-loyda-oma-urakehityksesi\/#breadcrumb"},"inLanguage":"fi","potentialAction":[{"@type":"ReadAction","target":["https:\/\/yoopies.fi\/c\/uudelle-uralle-loyda-oma-urakehityksesi\/"]}]},{"@type":"ImageObject","inLanguage":"fi","@id":"https:\/\/yoopies.fi\/c\/uudelle-uralle-loyda-oma-urakehityksesi\/#primaryimage","url":"https:\/\/yoopies.fi\/c\/wp-content\/uploads\/sites\/8\/2022\/02\/a8e0d42f-79b4-4529-a92b-b89dc30a0cba-pexels-august-de-richelieu-4260482.jpg","contentUrl":"https:\/\/yoopies.fi\/c\/wp-content\/uploads\/sites\/8\/2022\/02\/a8e0d42f-79b4-4529-a92b-b89dc30a0cba-pexels-august-de-richelieu-4260482.jpg","width":1200,"height":801},{"@type":"BreadcrumbList","@id":"https:\/\/yoopies.fi\/c\/uudelle-uralle-loyda-oma-urakehityksesi\/#breadcrumb","itemListElement":[{"@type":"ListItem","position":1,"name":"Home","item":"https:\/\/yoopies.fi\/c\/"},{"@type":"ListItem","position":2,"name":"Uudelle uralle: L\u00f6yd\u00e4 oma urakehityksesi"}]},{"@type":"WebSite","@id":"https:\/\/yoopies.fi\/c\/#website","url":"https:\/\/yoopies.fi\/c\/","name":"Yoopies Suomi","description":"","potentialAction":[{"@type":"SearchAction","target":{"@type":"EntryPoint","urlTemplate":"https:\/\/yoopies.fi\/c\/?s={search_term_string}"},"query-input":{"@type":"PropertyValueSpecification","valueRequired":true,"valueName":"search_term_string"}}],"inLanguage":"fi"}]}},"_links":{"self":[{"href":"https:\/\/yoopies.fi\/c\/wp-json\/wp\/v2\/pages\/105","targetHints":{"allow":["GET"]}}],"collection":[{"href":"https:\/\/yoopies.fi\/c\/wp-json\/wp\/v2\/pages"}],"about":[{"href":"https:\/\/yoopies.fi\/c\/wp-json\/wp\/v2\/types\/page"}],"author":[{"embeddable":true,"href":"https:\/\/yoopies.fi\/c\/wp-json\/wp\/v2\/users\/10"}],"replies":[{"embeddable":true,"href":"https:\/\/yoopies.fi\/c\/wp-json\/wp\/v2\/comments?post=105"}],"version-history":[{"count":1,"href":"https:\/\/yoopies.fi\/c\/wp-json\/wp\/v2\/pages\/105\/revisions"}],"predecessor-version":[{"id":110,"href":"https:\/\/yoopies.fi\/c\/wp-json\/wp\/v2\/pages\/105\/revisions\/110"}],"wp:featuredmedia":[{"embeddable":true,"href":"https:\/\/yoopies.fi\/c\/wp-json\/wp\/v2\/media\/109"}],"wp:attachment":[{"href":"https:\/\/yoopies.fi\/c\/wp-json\/wp\/v2\/media?parent=105"}],"curies":[{"name":"wp","href":"https:\/\/api.w.org\/{rel}","templated":true}]}}